000
CDUS42 KMHX 190527
CLIEWN


CLIMATE REPORT
NATIONAL WEATHER SERVICE NEWPORT/MOREHEAD CITY NC
126 AM EDT THU APR 19 2018


...................................

...THE NEW BERN NC CLIMATE SUMMARY FOR APRIL 18 2018...

CLIMATE NORMAL PERIOD 1981 TO 2010
CLIMATE RECORD PERIOD 1948 TO 2018


WEATHER ITEM   OBSERVED TIME   RECORD YEAR NORMAL DEPARTURE LAST
                VALUE   (LST)  VALUE       VALUE  FROM      YEAR
                                                  NORMAL
..................................................................
TEMPERATURE (F)
 YESTERDAY
  MAXIMUM         83    259 PM  90    2002  74      9       75
                                      1981
  MINIMUM         50    409 AM  32    2001  51     -1       60
  AVERAGE         67                        62      5       68

PRECIPITATION (IN)
  YESTERDAY        0.00          1.28 1978   0.11  -0.11     0.39
  MONTH TO DATE    2.49                      1.88   0.61     2.07
  SINCE MAR 1      6.72                      6.27   0.45     6.10
  SINCE JAN 1     13.13                     13.95  -0.82    12.32

SNOWFALL (IN)
  YESTERDAY        0.0
  MONTH TO DATE    0.0
  SINCE NOV 1      6.0
  SINCE JUL 1      6.0
  SNOW DEPTH       0

DEGREE DAYS
 HEATING
  YESTERDAY        0                         4     -4        0
  MONTH TO DATE  148                       111     37       48
  SINCE MAR 1    671                       480    191      459
  SINCE JUL 1   2840                      2626    214     2199

 COOLING
  YESTERDAY        2                         2      0        3
  MONTH TO DATE    7                        26    -19       45
  SINCE MAR 1     13                        37    -24       56
  SINCE JAN 1     55                        40     15       62
..................................................................


WIND (MPH)
  HIGHEST WIND SPEED    18   HIGHEST WIND DIRECTION     S (180)
  HIGHEST GUST SPEED    23   HIGHEST GUST DIRECTION     S (200)
  AVERAGE WIND SPEED     8.5


SKY COVER
  POSSIBLE SUNSHINE  MM
  AVERAGE SKY COVER 0.0


WEATHER CONDITIONS
 THE FOLLOWING WEATHER WAS RECORDED YESTERDAY.
  NO SIGNIFICANT WEATHER WAS OBSERVED.


RELATIVE HUMIDITY (PERCENT)
 HIGHEST    89          1200 AM
 LOWEST     34           200 PM
 AVERAGE    62

..........................................................


THE NEW BERN NC CLIMATE NORMALS FOR TODAY
                         NORMAL    RECORD    YEAR
 MAXIMUM TEMPERATURE (F)   75        91      1985
 MINIMUM TEMPERATURE (F)   51        31      2001


SUNRISE AND SUNSET
APRIL 19 2018.........SUNRISE   631 AM EDT   SUNSET   744 PM EDT
APRIL 20 2018.........SUNRISE   630 AM EDT   SUNSET   745 PM EDT


-  INDICATES NEGATIVE NUMBERS.
R  INDICATES RECORD WAS SET OR TIED.
MM INDICATES DATA IS MISSING.
T  INDICATES TRACE AMOUNT.




$$
