000
CDUS46 KHNX 240023
CLIFAT


CLIMATE REPORT
NATIONAL WEATHER SERVICE SAN JOAQUIN VALLEY, CA
522 PM PDT WED MAY 23 2018


...................................

...THE FRESNO CA CLIMATE SUMMARY FOR MAY 23 2018...
VALID AS OF 0400 PM LOCAL TIME.

CLIMATE NORMAL PERIOD 1981 TO 2010
CLIMATE RECORD PERIOD 1887 TO 2018


WEATHER ITEM   OBSERVED TIME   RECORD YEAR NORMAL DEPARTURE LAST
                VALUE   (LST)  VALUE       VALUE  FROM      YEAR
                                                  NORMAL
..................................................................
TEMPERATURE (F)
 TODAY
  MAXIMUM         86    306 PM 103    1967  86      0      101
  MINIMUM         58    513 AM  44    1960  58      0       67
                                      1909
  AVERAGE         72                        72      0       84

PRECIPITATION (IN)
  TODAY            0.00          0.23 1990   0.01  -0.01     0.00
  MONTH TO DATE    0.00                      0.34  -0.34     0.12
  SINCE OCT 1      6.73                     11.01  -4.28    17.20
  SINCE JAN 1      6.32                      7.54  -1.22    12.64

SNOWFALL (IN)
  TODAY            0.0
  MONTH TO DATE    0.0
  SINCE MAR 1      0.0
  SINCE JUL 1      0.0
  SNOW DEPTH       0

DEGREE DAYS
 HEATING
  TODAY            0                         1     -1        0
  MONTH TO DATE    4                        29    -25       26
  SINCE MAR 1    332                       430    -98      322
  SINCE JUL 1   1813                      2342   -529     1936

 COOLING
  TODAY            7                         7      0       19
  MONTH TO DATE  135                       123     12      162
  SINCE MAR 1    223                       174     49      192
  SINCE JAN 1    223                       174     49      192
..................................................................


WIND (MPH)
  HIGHEST WIND SPEED    13   HIGHEST WIND DIRECTION    NW (310)
  HIGHEST GUST SPEED    17   HIGHEST GUST DIRECTION    NW (310)
  AVERAGE WIND SPEED     8.0




RELATIVE HUMIDITY (PERCENT)
 HIGHEST    80
 LOWEST     32
 AVERAGE    56

..........................................................


THE FRESNO CA CLIMATE NORMALS FOR TOMORROW
                         NORMAL    RECORD    YEAR
 MAXIMUM TEMPERATURE (F)   86       103      1943
                                             1890
 MINIMUM TEMPERATURE (F)   58        41      1953


SUNRISE AND SUNSET
MAY 23 2018...........SUNRISE   546 AM PDT   SUNSET   806 PM PDT
MAY 24 2018...........SUNRISE   545 AM PDT   SUNSET   807 PM PDT


-  INDICATES NEGATIVE NUMBERS.
R  INDICATES RECORD WAS SET OR TIED.
MM INDICATES DATA IS MISSING.
T  INDICATES TRACE AMOUNT.




$$
