000
CDUS42 KMFL 262016
CLIFLL


CLIMATE REPORT
NATIONAL WEATHER SERVICE MIAMI, FL
415 PM EDT SAT MAY 26 2018


...................................

...THE FORT LAUDERDALE CLIMATE SUMMARY FOR MAY 26 2018...
VALID TODAY AS OF 0400 PM LOCAL TIME.

CLIMATE NORMAL PERIOD 1981 TO 2010
CLIMATE RECORD PERIOD 1912 TO 2018


WEATHER ITEM   OBSERVED TIME   RECORD YEAR NORMAL DEPARTURE LAST
                VALUE   (LST)  VALUE       VALUE  FROM      YEAR
                                                  NORMAL
..................................................................
TEMPERATURE (F)
 TODAY
  MAXIMUM         79   1153 AM  94    1924  88     -9       88
  MINIMUM         72    156 PM  62    1950  76     -4       77
  AVERAGE         76                        82     -6       83

PRECIPITATION (IN)
  TODAY            0.64          2.35 1913   0.22   0.42     0.00
  MONTH TO DATE   13.05                      3.53   9.52     2.82
  SINCE NOV 1     26.07                     22.07   4.00    16.23
  SINCE JAN 1     19.44                     16.37   3.07    11.60

SNOWFALL (IN)
  TODAY            0.0
  MONTH TO DATE    0.0
  SINCE MAR 1      0.0
  SINCE JUL 1      0.0
  SNOW DEPTH       0

DEGREE DAYS
 HEATING
  TODAY            0                         0      0        0
  MONTH TO DATE    0                         0      0        0
  SINCE MAR 1     15                        10      5        6
  SINCE JUL 1    141                       112     29       35

 COOLING
  TODAY           11                        17     -6       18
  MONTH TO DATE  350                       386    -36      392
  SINCE MAR 1    904                       977    -73     1022
  SINCE JAN 1   1328                      1333     -5     1478
..................................................................


WIND (MPH)
  HIGHEST WIND SPEED    30   HIGHEST WIND DIRECTION    SE (130)
  HIGHEST GUST SPEED    36   HIGHEST GUST DIRECTION    SE (130)
  AVERAGE WIND SPEED    14.6


SKY COVER
  AVERAGE SKY COVER 0.9


WEATHER CONDITIONS
 THE FOLLOWING WEATHER WAS RECORDED TODAY.
  HEAVY RAIN
  RAIN
  LIGHT RAIN
  FOG


RELATIVE HUMIDITY (PERCENT)
 HIGHEST   100
 LOWEST     85
 AVERAGE    93

..........................................................


THE FORT LAUDERDALE CLIMATE NORMALS FOR TOMORROW
                         NORMAL    RECORD    YEAR
 MAXIMUM TEMPERATURE (F)   88        94      1924
 MINIMUM TEMPERATURE (F)   76        62      1927


SUNRISE AND SUNSET
MAY 26 2018...........SUNRISE   630 AM EDT   SUNSET   806 PM EDT
MAY 27 2018...........SUNRISE   630 AM EDT   SUNSET   806 PM EDT


-  INDICATES NEGATIVE NUMBERS.
R  INDICATES RECORD WAS SET OR TIED.
MM INDICATES DATA IS MISSING.
T  INDICATES TRACE AMOUNT.




$$
