000
CDUS43 KDDC 200707
CLIGCK


CLIMATE REPORT
NATIONAL WEATHER SERVICE DODGE CITY KS
206 AM CDT FRI APR 20 2018


...................................

...THE GARDEN CITY REGIONAL ARPT KS CLIMATE SUMMARY FOR APRIL 19 2018...

CLIMATE NORMAL PERIOD 1981 TO 2010
CLIMATE RECORD PERIOD 1948 TO 2018


WEATHER ITEM   OBSERVED TIME   RECORD YEAR NORMAL DEPARTURE LAST
                VALUE   (LST)  VALUE       VALUE  FROM      YEAR
                                                  NORMAL
..................................................................
TEMPERATURE (F)
 YESTERDAY
  MAXIMUM         64    409 PM  92    1987  68     -4       91
  MINIMUM         27    509 AM  20    2013  40    -13       59
  AVERAGE         46                        54     -8       75

PRECIPITATION (IN)
  YESTERDAY        0.00          0.81 1977   0.06  -0.06     0.00
  MONTH TO DATE    0.07                      1.00  -0.93     1.15
  SINCE MAR 1      0.45                      2.46  -2.01     3.65
  SINCE JAN 1      0.45                      3.34  -2.89     4.94

DEGREE DAYS
 HEATING
  YESTERDAY       19                        11      8
  MONTH TO DATE  359                       270     89
  SINCE MAR 1    937                       934      3
  SINCE JUL 1   4821                      4958   -137

 COOLING
  YESTERDAY        0                         0      0
  MONTH TO DATE    1                         0      1
  SINCE MAR 1      5                         0      5
  SINCE JAN 1      5                         0      5
..................................................................


WIND (MPH)
  HIGHEST WIND SPEED    25   HIGHEST WIND DIRECTION    SE (140)
  HIGHEST GUST SPEED    35   HIGHEST GUST DIRECTION    SE (130)
  AVERAGE WIND SPEED    11.3



WEATHER CONDITIONS
 THE FOLLOWING WEATHER WAS RECORDED YESTERDAY.
  NO SIGNIFICANT WEATHER WAS OBSERVED.


RELATIVE HUMIDITY (PERCENT)
 HIGHEST    78           600 AM
 LOWEST     21           500 PM
 AVERAGE    50

..........................................................


THE GARDEN CITY REGIONAL ARPT KS CLIMATE NORMALS FOR TODAY
                         NORMAL    RECORD    YEAR
 MAXIMUM TEMPERATURE (F)   69        91      1989
 MINIMUM TEMPERATURE (F)   40        22      1966


SUNRISE AND SUNSET
APRIL 20 2018.........SUNRISE   701 AM CDT   SUNSET   823 PM CDT
APRIL 21 2018.........SUNRISE   659 AM CDT   SUNSET   824 PM CDT


-  INDICATES NEGATIVE NUMBERS.
R  INDICATES RECORD WAS SET OR TIED.
MM INDICATES DATA IS MISSING.
T  INDICATES TRACE AMOUNT.




$$
