477
CDUS41 KPHI 202130
CLIGED


CLIMATE REPORT
NATIONAL WEATHER SERVICE MOUNT HOLLY NJ
530 PM EDT SUN MAY 20 2018


...................................

...THE GEORGETOWN DE CLIMATE SUMMARY FOR MAY 20 2018...
VALID TODAY AS OF 0500 PM LOCAL TIME.

CLIMATE NORMAL PERIOD 1981 TO 2010
CLIMATE RECORD PERIOD 1948 TO 2018


WEATHER ITEM   OBSERVED TIME   RECORD YEAR NORMAL DEPARTURE LAST
                VALUE   (LST)  VALUE       VALUE  FROM      YEAR
                                                  NORMAL
..................................................................
TEMPERATURE (F)
 TODAY
  MAXIMUM         84    359 PM  95    1962  75      9       76
  MINIMUM         71    340 AM  39    2002  54     17       51
  AVERAGE         78                        64     14       64

PRECIPITATION (IN)
  TODAY            0.00          3.70 2005   0.13  -0.13      T
  MONTH TO DATE    5.70                      2.11   3.59     2.78
  SINCE MAR 1     12.91                      9.79   3.12     9.63
  SINCE JAN 1     19.73                     15.50   4.23    13.87

DEGREE DAYS
 HEATING
  TODAY            0                         3     -3        1
  MONTH TO DATE   25                       109    -84       95
  SINCE MAR 1   1099                      1089     10      876
  SINCE JUL 1   4057                      4369   -312     3561

 COOLING
  TODAY           13                         3     10        0
  MONTH TO DATE   93                        35     58       56
  SINCE MAR 1    108                        55     53      124
  SINCE JAN 1    115                        55     60      124
..................................................................


WIND (MPH)
  HIGHEST WIND SPEED    18   HIGHEST WIND DIRECTION    SW (230)
  HIGHEST GUST SPEED    25   HIGHEST GUST DIRECTION    SW (230)
  AVERAGE WIND SPEED    12.6


SKY COVER
  POSSIBLE SUNSHINE  MM
  AVERAGE SKY COVER 0.8


WEATHER CONDITIONS
 THE FOLLOWING WEATHER WAS RECORDED TODAY.
  NO SIGNIFICANT WEATHER WAS OBSERVED.


RELATIVE HUMIDITY (PERCENT)
 HIGHEST    90          1200 AM
 LOWEST     61           300 PM
 AVERAGE    76

..........................................................


THE GEORGETOWN DE CLIMATE NORMALS FOR TOMORROW
                         NORMAL    RECORD    YEAR
 MAXIMUM TEMPERATURE (F)   75        94      1996
 MINIMUM TEMPERATURE (F)   54        33      1992


SUNRISE AND SUNSET
MAY 20 2018...........SUNRISE   545 AM EDT   SUNSET   811 PM EDT
MAY 21 2018...........SUNRISE   545 AM EDT   SUNSET   812 PM EDT


-  INDICATES NEGATIVE NUMBERS.
R  INDICATES RECORD WAS SET OR TIED.
MM INDICATES DATA IS MISSING.
T  INDICATES TRACE AMOUNT.




$$
