000
CDUS46 KOTX 200829
CLIGEG


CLIMATE REPORT
NATIONAL WEATHER SERVICE SPOKANE, WA
127 AM PDT FRI APR 20 2018


...................................

...THE SPOKANE WA AIRPORT CLIMATE SUMMARY FOR APRIL 19 2018...

CLIMATE NORMAL PERIOD 1981 TO 2010
CLIMATE RECORD PERIOD 1881 TO 2018


WEATHER ITEM   OBSERVED TIME   RECORD YEAR NORMAL DEPARTURE LAST
                VALUE   (LST)  VALUE       VALUE  FROM      YEAR
                                                  NORMAL
..................................................................
TEMPERATURE (F)
 YESTERDAY
  MAXIMUM         62    413 PM  81    1908  58      4       61
  MINIMUM         33    505 AM  17    1966  37     -4       37
  AVERAGE         48                        48      0       49

PRECIPITATION (IN)
  YESTERDAY        0.00          0.96 1997   0.04  -0.04      T
  MONTH TO DATE    1.96                      0.85   1.11     1.39
  SINCE OCT 1     14.57                     11.36   3.21    21.03
  SINCE JAN 1      7.41                      5.58   1.83    11.74

SNOWFALL (IN)
  YESTERDAY        0.0           2.3  1916   0.0    0.0      0.0
  MONTH TO DATE    T                         0.9   -0.9      0.5
  SINCE MAR 1      4.9                       4.4    0.5      5.9
  SINCE JUL 1     49.3                      44.7    4.6     61.5
  SNOW DEPTH       0

DEGREE DAYS
 HEATING
  YESTERDAY       17                        17      0       16
  MONTH TO DATE  409                       364     45      374
  SINCE MAR 1   1192                      1131     61     1115
  SINCE JUL 1   5839                      5960   -121     6108

 COOLING
  YESTERDAY        0                         0      0        0
  MONTH TO DATE    0                         0      0        0
  SINCE MAR 1      0                         0      0        0
  SINCE JAN 1      0                         0      0        0
..................................................................


WIND (MPH)
  HIGHEST WIND SPEED    16   HIGHEST WIND DIRECTION     W (260)
  HIGHEST GUST SPEED    19   HIGHEST GUST DIRECTION     W (260)
  AVERAGE WIND SPEED     7.4


SKY COVER
  POSSIBLE SUNSHINE  MM
  AVERAGE SKY COVER 0.2


WEATHER CONDITIONS
 THE FOLLOWING WEATHER WAS RECORDED YESTERDAY.
  NO SIGNIFICANT WEATHER WAS OBSERVED.


RELATIVE HUMIDITY (PERCENT)
 HIGHEST    82           600 AM
 LOWEST     25           300 PM
 AVERAGE    54

..........................................................


THE SPOKANE WA AIRPORT CLIMATE NORMALS FOR TODAY
                         NORMAL    RECORD    YEAR
 MAXIMUM TEMPERATURE (F)   58        85      2016
 MINIMUM TEMPERATURE (F)   37        21      1927


SUNRISE AND SUNSET
APRIL 20 2018.........SUNRISE   552 AM PDT   SUNSET   747 PM PDT
APRIL 21 2018.........SUNRISE   550 AM PDT   SUNSET   748 PM PDT


-  INDICATES NEGATIVE NUMBERS.
R  INDICATES RECORD WAS SET OR TIED.
MM INDICATES DATA IS MISSING.
T  INDICATES TRACE AMOUNT.




$$
