000
CDUS44 KSHV 200734
CLIGGG


CLIMATE REPORT
NATIONAL WEATHER SERVICE SHREVEPORT, LA
233 AM CDT SUN MAY 20 2018


...................................

...THE LONGVIEW CLIMATE SUMMARY FOR MAY 19 2018...

CLIMATE NORMAL PERIOD 1981 TO 2010
CLIMATE RECORD PERIOD 1902 TO 2018


WEATHER ITEM   OBSERVED TIME   RECORD YEAR NORMAL DEPARTURE LAST
                VALUE   (LST)  VALUE       VALUE  FROM      YEAR
                                                  NORMAL
..................................................................
TEMPERATURE (F)
 YESTERDAY
  MAXIMUM         93    255 PM  99    1937  84      9       90
  MINIMUM         72    450 AM  46    2002  63      9       73
  AVERAGE         83                        74      9       82

PRECIPITATION (IN)
  YESTERDAY        0.00          3.75 2000   0.15  -0.15      T
  MONTH TO DATE    0.56                      2.95  -2.39     1.04
  SINCE DEC 1     29.11                     22.37   6.74    22.84
  SINCE JAN 1     23.78                     17.88   5.90    18.04

SNOWFALL (IN)
  YESTERDAY        0.0
  MONTH TO DATE    0.0
  SINCE MAR 1      0.0
  SINCE JUL 1      1.5
  SNOW DEPTH       0

DEGREE DAYS
 HEATING
  YESTERDAY        0                         0      0        0
  MONTH TO DATE    0                         8     -8        6
  SINCE MAR 1    283                       353    -70      189
  SINCE JUL 1   2077                      2257   -180     1290

 COOLING
  YESTERDAY       18                         9      9       17
  MONTH TO DATE  222                       132     90      125
  SINCE MAR 1    332                       243     89      363
  SINCE JAN 1    368                       255    113      434
..................................................................


WIND (MPH)
  HIGHEST WIND SPEED    21   HIGHEST WIND DIRECTION     S (190)
  HIGHEST GUST SPEED    27   HIGHEST GUST DIRECTION     S (200)
  AVERAGE WIND SPEED    10.8


SKY COVER
  POSSIBLE SUNSHINE  MM
  AVERAGE SKY COVER 0.3


WEATHER CONDITIONS
 THE FOLLOWING WEATHER WAS RECORDED YESTERDAY.
  NO SIGNIFICANT WEATHER WAS OBSERVED.


RELATIVE HUMIDITY (PERCENT)
 HIGHEST   100           400 AM
 LOWEST     46           300 PM
 AVERAGE    73

..........................................................


THE LONGVIEW CLIMATE NORMALS FOR TODAY
                         NORMAL    RECORD    YEAR
 MAXIMUM TEMPERATURE (F)   85        95      1915
 MINIMUM TEMPERATURE (F)   64        49      2002
                                             1909


SUNRISE AND SUNSET
MAY 20 2018...........SUNRISE   618 AM CDT   SUNSET   814 PM CDT
MAY 21 2018...........SUNRISE   617 AM CDT   SUNSET   814 PM CDT


-  INDICATES NEGATIVE NUMBERS.
R  INDICATES RECORD WAS SET OR TIED.
MM INDICATES DATA IS MISSING.
T  INDICATES TRACE AMOUNT.




$$
