000
CDUS45 KGGW 220029
CLIGGW


CLIMATE REPORT
NATIONAL WEATHER SERVICE GLASGOW MT
628 PM MDT SAT APR 21 2018


...................................

...THE GLASGOW MT CLIMATE SUMMARY FOR APRIL 21 2018...
VALID TODAY AS OF 0500 PM LOCAL TIME.

CLIMATE NORMAL PERIOD 1981 TO 2010
CLIMATE RECORD PERIOD 1893 TO 2018


WEATHER ITEM   OBSERVED TIME   RECORD YEAR NORMAL DEPARTURE LAST
                VALUE   (LST)  VALUE       VALUE  FROM      YEAR
                                                  NORMAL
..................................................................
TEMPERATURE (F)
 TODAY
  MAXIMUM         77    350 PM  89    1942  60     17       64
  MINIMUM         38    502 AM  12    2008  34      4       37
  AVERAGE         58                        47     11       51

PRECIPITATION (IN)
  TODAY            0.00          0.43 1940   0.03  -0.03     0.00
  MONTH TO DATE    0.38                      0.52  -0.14     0.41
  SINCE OCT 1      4.57                      3.12   1.45     5.45
  SINCE JAN 1      2.77                      1.57   1.20     1.92

SNOWFALL (IN)
  TODAY            0.0           1.0  1973   0.0    0.0      0.0
  MONTH TO DATE    5.6                       1.5    4.1      0.0
  SINCE MAR 1     25.3                       6.2   19.1      6.2
  SINCE JUL 1     63.4                      33.2   30.2     37.7
  SNOW DEPTH       0

DEGREE DAYS
 HEATING
  TODAY            7                        18    -11       14
  MONTH TO DATE  651                       455    196      390
  SINCE MAR 1   1916                      1489    427     1345
  SINCE JUL 1   8782                      7859    923     7452

 COOLING
  TODAY            0                         0      0        0
  MONTH TO DATE    0                         0      0        0
  SINCE MAR 1      0                         0      0        0
  SINCE JAN 1      0                         0      0        0
..................................................................


WIND (MPH)
  HIGHEST WIND SPEED    23   HIGHEST WIND DIRECTION    SW (240)
  HIGHEST GUST SPEED    28   HIGHEST GUST DIRECTION     S (200)
  AVERAGE WIND SPEED    14.4


SKY COVER
  POSSIBLE SUNSHINE  MM
  AVERAGE SKY COVER 0.0


WEATHER CONDITIONS
 THE FOLLOWING WEATHER WAS RECORDED TODAY.
  NO SIGNIFICANT WEATHER WAS OBSERVED.


RELATIVE HUMIDITY (PERCENT)
 HIGHEST    92           500 AM
 LOWEST     21           400 PM
 AVERAGE    57

..........................................................


THE GLASGOW MT CLIMATE NORMALS FOR TOMORROW
                         NORMAL    RECORD    YEAR
 MAXIMUM TEMPERATURE (F)   61        85      1906
 MINIMUM TEMPERATURE (F)   34         9      1967


SUNRISE AND SUNSET
APRIL 21 2018.........SUNRISE   605 AM MDT   SUNSET   806 PM MDT
APRIL 22 2018.........SUNRISE   603 AM MDT   SUNSET   808 PM MDT


-  INDICATES NEGATIVE NUMBERS.
R  INDICATES RECORD WAS SET OR TIED.
MM INDICATES DATA IS MISSING.
T  INDICATES TRACE AMOUNT.




$$
