000
CDUS43 KGID 222242
CLIGRI


CLIMATE REPORT
NATIONAL WEATHER SERVICE HASTINGS NE
541 PM CDT TUE MAY 22 2018


...................................

...THE GRAND ISLAND NE CLIMATE SUMMARY FOR MAY 22 2018...
VALID TODAY AS OF 0500 PM LOCAL TIME.

CLIMATE NORMAL PERIOD 1981 TO 2010
CLIMATE RECORD PERIOD 1895 TO 2018


WEATHER ITEM   OBSERVED TIME   RECORD YEAR NORMAL DEPARTURE LAST
                VALUE   (LST)  VALUE       VALUE  FROM      YEAR
                                                  NORMAL
..................................................................
TEMPERATURE (F)
 TODAY
  MAXIMUM         87    359 PM  97    1964  75     12       75
  MINIMUM         63    636 AM  29    1963  52     11       52
  AVERAGE         75                        63     12       64

PRECIPITATION (IN)
  TODAY            0.00          1.57 1922   0.15  -0.15      T
  MONTH TO DATE    3.49                      3.04   0.45     5.19
  SINCE MAR 1      6.01                      7.37  -1.36     8.64
  SINCE JAN 1      7.84                      8.58  -0.74     9.96

SNOWFALL (IN)
  TODAY            0.0           T    1949   0.0    0.0      0.0
  MONTH TO DATE    0.0                       0.1   -0.1      0.3
  SINCE MAR 1      4.5                       7.0   -2.5      1.5
  SINCE JUL 1     33.6                      29.1    4.5      9.2
  SNOW DEPTH       0

DEGREE DAYS
 HEATING
  TODAY            0                         4     -4        1
  MONTH TO DATE   81                       145    -64      150
  SINCE MAR 1   1502                      1386    116     1260
  SINCE JUL 1   6277                      6147    130     5326

 COOLING
  TODAY           10                         2      8        0
  MONTH TO DATE   44                        29     15       40
  SINCE MAR 1     52                        40     12       45
  SINCE JAN 1     52                        40     12       45
..................................................................


WIND (MPH)
  HIGHEST WIND SPEED    18   HIGHEST WIND DIRECTION     S (170)
  HIGHEST GUST SPEED    27   HIGHEST GUST DIRECTION     S (190)
  AVERAGE WIND SPEED    12.4


SKY COVER
  POSSIBLE SUNSHINE  MM
  AVERAGE SKY COVER 0.1


WEATHER CONDITIONS
 THE FOLLOWING WEATHER WAS RECORDED TODAY.
  THUNDERSTORM


RELATIVE HUMIDITY (PERCENT)
 HIGHEST    84           400 AM
 LOWEST     43           400 PM
 AVERAGE    64

..........................................................


THE GRAND ISLAND NE CLIMATE NORMALS FOR TOMORROW
                         NORMAL    RECORD    YEAR
 MAXIMUM TEMPERATURE (F)   75        97      1926
 MINIMUM TEMPERATURE (F)   52        38      1947


SUNRISE AND SUNSET
MAY 22 2018...........SUNRISE   610 AM CDT   SUNSET   851 PM CDT
MAY 23 2018...........SUNRISE   609 AM CDT   SUNSET   852 PM CDT


-  INDICATES NEGATIVE NUMBERS.
R  INDICATES RECORD WAS SET OR TIED.
MM INDICATES DATA IS MISSING.
T  INDICATES TRACE AMOUNT.




$$
