000
CDUS44 KAMA 220627
CLIGUY


CLIMATE REPORT
NATIONAL WEATHER SERVICE AMARILLO TX
127 AM CDT SUN APR 22 2018


...................................

...THE GUYMON CLIMATE SUMMARY FOR APRIL 21 2018...

CLIMATE NORMAL PERIOD 1981 TO 2010
CLIMATE RECORD PERIOD 1998 TO 2018


WEATHER ITEM   OBSERVED TIME   RECORD YEAR NORMAL DEPARTURE LAST
                VALUE   (LST)  VALUE       VALUE  FROM      YEAR
                                                  NORMAL
..................................................................
TEMPERATURE (F)
 YESTERDAY
  MAXIMUM         48    526 PM  MM      MM  72    -24       56
  MINIMUM         40   1105 PM  MM      MM  42     -2       43
  AVERAGE         44                        57    -13       50

PRECIPITATION (IN)
  YESTERDAY        0.02         MM      MM   0.05  -0.03     0.24
  MONTH TO DATE    0.82                      1.04  -0.22     1.82
  SINCE MAR 1      0.86                      2.47  -1.61     3.77
  SINCE JAN 1      0.88                      3.34  -2.46     5.79

SNOWFALL (IN)
  YESTERDAY        0.0          MM      MM  MM     MM       MM
  MONTH TO DATE    T                        MM     MM        2.0
  SINCE MAR 1      T                        MM     MM        2.0
  SINCE JUL 1      T                        MM     MM        2.8
  SNOW DEPTH       0

DEGREE DAYS
 HEATING
  YESTERDAY       21                         9     12       15
  MONTH TO DATE  312                       242     70      154
  SINCE MAR 1    760                       823    -63      568
  SINCE JUL 1   3970                      4290   -320     3471

 COOLING
  YESTERDAY        0                         1     -1        0
  MONTH TO DATE    9                         1      8       37
  SINCE MAR 1     16                         3     13       52
  SINCE JAN 1     16                         3     13       60
..................................................................


WIND (MPH)
  RESULTANT WIND SPEED  10   RESULTANT WIND DIRECTION  NE (30)
  HIGHEST WIND SPEED    20   HIGHEST WIND DIRECTION     N (360)
  HIGHEST GUST SPEED    29   HIGHEST GUST DIRECTION     E (90)
  AVERAGE WIND SPEED    11.2


SKY COVER
  AVERAGE SKY COVER 1.0


WEATHER CONDITIONS
 THE FOLLOWING WEATHER WAS RECORDED YESTERDAY.
  LIGHT RAIN
  FOG


RELATIVE HUMIDITY (PERCENT)
 HIGHEST   100          1200 AM
 LOWEST     86           300 PM
 AVERAGE    93

..........................................................


THE GUYMON CLIMATE NORMALS FOR TODAY
                         NORMAL    RECORD    YEAR
 MAXIMUM TEMPERATURE (F)   72        MM        MM
 MINIMUM TEMPERATURE (F)   42        MM        MM


SUNRISE AND SUNSET
APRIL 22 2018.........SUNRISE   703 AM CDT   SUNSET   827 PM CDT
APRIL 23 2018.........SUNRISE   702 AM CDT   SUNSET   828 PM CDT


-  INDICATES NEGATIVE NUMBERS.
R  INDICATES RECORD WAS SET OR TIED.
MM INDICATES DATA IS MISSING.
T  INDICATES TRACE AMOUNT.




$$
