000
CDUS44 KJAN 240655
CLIGWO


CLIMATE REPORT
NATIONAL WEATHER SERVICE JACKSON MS
153 AM CDT TUE APR 24 2018


...................................

...THE GREENWOOD CLIMATE SUMMARY FOR APRIL 23 2018...

CLIMATE NORMAL PERIOD 1981 TO 2010
CLIMATE RECORD PERIOD 1948 TO 2018


WEATHER ITEM   OBSERVED TIME   RECORD YEAR NORMAL DEPARTURE LAST
                VALUE   (LST)  VALUE       VALUE  FROM      YEAR
                                                  NORMAL
..................................................................
TEMPERATURE (F)
 YESTERDAY
  MAXIMUM         64    151 PM  89    1965  77    -13       61
  MINIMUM         56    747 AM  38    1986  54      2       49
  AVERAGE         60                        65     -5       55

PRECIPITATION (IN)
  YESTERDAY        0.03          3.28 2010   0.16  -0.13     0.01
  MONTH TO DATE    4.79                      3.95   0.84     3.92
  SINCE MAR 1     10.53                      8.26   2.27     7.89
  SINCE JAN 1     27.13                     17.20   9.93    16.17

SNOWFALL (IN)
  YESTERDAY        0.0

DEGREE DAYS
 HEATING
  YESTERDAY        5                         3      2       10
  MONTH TO DATE  164                       109     55       36
  SINCE MAR 1    435                       425     10      268
  SINCE JUL 1   2489                      2656   -167     1751

 COOLING
  YESTERDAY        0                         3     -3        0
  MONTH TO DATE   20                        51    -31      100
  SINCE MAR 1     44                        72    -28      161
  SINCE JAN 1     83                        77      6      195
..................................................................


WIND (MPH)
  HIGHEST WIND SPEED    16   HIGHEST WIND DIRECTION    SW (210)
  HIGHEST GUST SPEED    19   HIGHEST GUST DIRECTION    SW (210)
  AVERAGE WIND SPEED     6.0


SKY COVER
  POSSIBLE SUNSHINE  MM
  AVERAGE SKY COVER 1.0


WEATHER CONDITIONS
 THE FOLLOWING WEATHER WAS RECORDED YESTERDAY.
  LIGHT RAIN
  FOG


RELATIVE HUMIDITY (PERCENT)
 HIGHEST   100           700 PM
 LOWEST     72           300 PM
 AVERAGE    86

..........................................................


THE GREENWOOD CLIMATE NORMALS FOR TODAY
                         NORMAL    RECORD    YEAR
 MAXIMUM TEMPERATURE (F)   77        89      1965
                                             1958
 MINIMUM TEMPERATURE (F)   54        38      2005


SUNRISE AND SUNSET
APRIL 24 2018.........SUNRISE   619 AM CDT   SUNSET   738 PM CDT
APRIL 25 2018.........SUNRISE   618 AM CDT   SUNSET   739 PM CDT


-  INDICATES NEGATIVE NUMBERS.
R  INDICATES RECORD WAS SET OR TIED.
MM INDICATES DATA IS MISSING.
T  INDICATES TRACE AMOUNT.




$$
