000
CDUS41 KGYX 250810
CLIGYX


CLIMATE REPORT
NATIONAL WEATHER SERVICE GRAY ME
408 AM EDT WED APR 25 2018


...................................

...THE GRAY ME CLIMATE SUMMARY FOR APRIL 24 2018...

CLIMATE NORMAL PERIOD 1981 TO 2010
CLIMATE RECORD PERIOD 1995 TO 2018


WEATHER ITEM   OBSERVED TIME   RECORD YEAR NORMAL DEPARTURE LAST
                VALUE   (LST)  VALUE       VALUE  FROM      YEAR
                                                  NORMAL
..................................................................
TEMPERATURE (F)
 YESTERDAY
  MAXIMUM         70        MM  MM      MM  57     13       65
  MINIMUM         36        MM  MM      MM  38     -2       38
  AVERAGE         53                        48      5       52

PRECIPITATION (IN)
  YESTERDAY        0.00         MM      MM   0.15  -0.15     0.00
  MONTH TO DATE    3.11                      3.51  -0.40     3.43
  SINCE MAR 1      5.63                      7.68  -2.05     6.25
  SINCE JAN 1     12.80                     14.52  -1.72    12.93

SNOWFALL (IN)
  YESTERDAY        0.0          MM      MM   0.1   -0.1      0.0
  MONTH TO DATE    2.4                       4.6   -2.2     11.0
  SINCE MAR 1     27.0                      24.5    2.5     34.1
  SINCE JUL 1     96.9                      83.6   13.3    123.9
  SNOW DEPTH       0

DEGREE DAYS
 HEATING
  YESTERDAY       12                        17     -5       13
  MONTH TO DATE  627                       527    100      470
  SINCE MAR 1   1613                      1520     93     1633
  SINCE JUL 1   6504                      6678   -174     6327

 COOLING
  YESTERDAY        0                         0      0        0
  MONTH TO DATE    0                         0      0        2
  SINCE MAR 1      0                         0      0        2
  SINCE JAN 1      0                         0      0        2
..................................................................







THE GRAY ME CLIMATE NORMALS FOR TODAY
                         NORMAL
 MAXIMUM TEMPERATURE (F)   58
 MINIMUM TEMPERATURE (F)   39


SUNRISE AND SUNSET
APRIL 25 2018.........SUNRISE   542 AM EDT   SUNSET   737 PM EDT
APRIL 26 2018.........SUNRISE   540 AM EDT   SUNSET   738 PM EDT


-  INDICATES NEGATIVE NUMBERS.
R  INDICATES RECORD WAS SET OR TIED.
MM INDICATES DATA IS MISSING.
T  INDICATES TRACE AMOUNT.




$$
