604
CDUS44 KJAN 262107
CLIHBG


CLIMATE REPORT
NATIONAL WEATHER SERVICE JACKSON MS
405 PM CDT SAT MAY 26 2018


...................................

...THE HATTIESBURG CLIMATE SUMMARY FOR MAY 26 2018...
VALID TODAY AS OF 0400 PM LOCAL TIME.

CLIMATE NORMAL PERIOD 1981 TO 2010
CLIMATE RECORD PERIOD 1948 TO 2018


WEATHER ITEM   OBSERVED TIME   RECORD YEAR NORMAL DEPARTURE LAST
                VALUE   (LST)  VALUE       VALUE  FROM      YEAR
                                                  NORMAL
..................................................................
TEMPERATURE (F)
 TODAY
  MAXIMUM         87   1249 PM  96    1996  88     -1       87
  MINIMUM         70    628 AM  44    1979  64      6       60
  AVERAGE         79                        76      3       74

PRECIPITATION (IN)
  TODAY            0.00          2.22 1981   0.16  -0.16     0.00
  MONTH TO DATE    1.84                      4.16  -2.32     5.80
  SINCE MAR 1     12.74                     14.59  -1.85    17.82
  SINCE JAN 1     25.17                     25.72  -0.55    29.42

SNOWFALL (IN)
  TODAY            0.0

DEGREE DAYS
 HEATING
  TODAY            0                         0      0        0
  MONTH TO DATE    0                         5     -5       14
  SINCE MAR 1    313                       305      8      190
  SINCE JUL 1   1888                      1983    -95     1157

 COOLING
  TODAY           14                        11      3        9
  MONTH TO DATE  301                       217     84      168
  SINCE MAR 1    375                       342     33      394
  SINCE JAN 1    457                       357    100      463
..................................................................


WIND (MPH)
  HIGHEST WIND SPEED    17   HIGHEST WIND DIRECTION    SE (140)
  HIGHEST GUST SPEED    20   HIGHEST GUST DIRECTION    SE (140)
  AVERAGE WIND SPEED     2.1


SKY COVER
  POSSIBLE SUNSHINE  MM
  AVERAGE SKY COVER 0.8


WEATHER CONDITIONS
 THE FOLLOWING WEATHER WAS RECORDED TODAY.
  THUNDERSTORM
  FOG
  FOG W/VISIBILITY <= 1/4 MILE


RELATIVE HUMIDITY (PERCENT)
 HIGHEST   100          1200 AM
 LOWEST     59          1200 PM
 AVERAGE    80

..........................................................


THE HATTIESBURG CLIMATE NORMALS FOR TOMORROW
                         NORMAL    RECORD    YEAR
 MAXIMUM TEMPERATURE (F)   88        98      2012
 MINIMUM TEMPERATURE (F)   65        45      1961


SUNRISE AND SUNSET
MAY 26 2018...........SUNRISE   555 AM CDT   SUNSET   753 PM CDT
MAY 27 2018...........SUNRISE   555 AM CDT   SUNSET   754 PM CDT


-  INDICATES NEGATIVE NUMBERS.
R  INDICATES RECORD WAS SET OR TIED.
MM INDICATES DATA IS MISSING.
T  INDICATES TRACE AMOUNT.




$$
