000
CDUS41 KLWX 270526
CLIHGR


CLIMATE REPORT
NATIONAL WEATHER SERVICE BALTIMORE MD/WASHINGTON DC
125 AM EDT SUN MAY 27 2018


...................................

...THE HAGERSTOWN MD CLIMATE SUMMARY FOR MAY 26 2018...

CLIMATE NORMAL PERIOD 1981 TO 2010
CLIMATE RECORD PERIOD 1998 TO 2018


WEATHER ITEM   OBSERVED TIME   RECORD YEAR NORMAL DEPARTURE LAST
                VALUE   (LST)  VALUE       VALUE  FROM      YEAR
                                                  NORMAL
..................................................................
TEMPERATURE (F)
 YESTERDAY
  MAXIMUM         91    314 PM  MM      MM  75     16       69
  MINIMUM         72   1127 PM  MM      MM  55     17       58
  AVERAGE         82                        65     17       64

PRECIPITATION (IN)
  YESTERDAY        0.70         MM      MM   0.14   0.56     0.01
  MONTH TO DATE    4.39                      3.31   1.08     4.51
  SINCE MAR 1     10.47                     10.25   0.22     9.71
  SINCE JAN 1     16.97                     15.48   1.49    13.81

DEGREE DAYS
 HEATING
  YESTERDAY        0                         3     -3        1
  MONTH TO DATE   28                       141   -113      126
  SINCE MAR 1   1293                      1252     41     1003
  SINCE JUL 1   4706                      5155   -449     4010

 COOLING
  YESTERDAY       17                         3     14        0
  MONTH TO DATE  128                        42     86       57
  SINCE MAR 1    143                        57     86      115
  SINCE JAN 1    148                        57     91      116
..................................................................


WIND (MPH)
  HIGHEST WIND SPEED    28   HIGHEST WIND DIRECTION    NW (320)
  HIGHEST GUST SPEED    36   HIGHEST GUST DIRECTION     W (290)
  AVERAGE WIND SPEED     6.1


SKY COVER
  POSSIBLE SUNSHINE  MM
  AVERAGE SKY COVER 0.3


WEATHER CONDITIONS
 THE FOLLOWING WEATHER WAS RECORDED YESTERDAY.
  THUNDERSTORM
  HEAVY RAIN
  RAIN
  LIGHT RAIN
  FOG


RELATIVE HUMIDITY (PERCENT)
 HIGHEST    93           800 PM
 LOWEST     43          1200 PM
 AVERAGE    68

..........................................................


THE HAGERSTOWN MD CLIMATE NORMALS FOR TODAY
                         NORMAL    RECORD    YEAR
 MAXIMUM TEMPERATURE (F)   75        MM        MM
 MINIMUM TEMPERATURE (F)   55        MM        MM


SUNRISE AND SUNSET
MAY 27 2018...........SUNRISE   547 AM EDT   SUNSET   829 PM EDT
MAY 28 2018...........SUNRISE   547 AM EDT   SUNSET   830 PM EDT


-  INDICATES NEGATIVE NUMBERS.
R  INDICATES RECORD WAS SET OR TIED.
MM INDICATES DATA IS MISSING.
T  INDICATES TRACE AMOUNT.




$$
