272
CDUS44 KHGX 262120
CLIHOU

CLIMATE REPORT
NATIONAL WEATHER SERVICE HOUSTON/GALVESTON TX
418 PM CDT SAT MAY 26 2018


...................................

...THE HOUSTON/HOBBY AIRPORT CLIMATE SUMMARY FOR MAY 26 2018...
VALID TODAY AS OF 400 PM LOCAL TIME.

CLIMATE NORMAL PERIOD 1981 TO 2010
CLIMATE RECORD PERIOD 1930 TO 2018


WEATHER ITEM   OBSERVED TIME   RECORD YEAR NORMAL DEPARTURE LAST
                VALUE   (LST)  VALUE       VALUE  FROM      YEAR
                                                  NORMAL
..................................................................
TEMPERATURE (F)
 TODAY
  MAXIMUM         92    251 PM  97    2011  88      4       88
  MINIMUM         73    559 AM  60    1979  71      2       73
                                      1935
  AVERAGE         83                        79      4       81

PRECIPITATION (IN)
  TODAY            0.00          3.24 2014   0.18  -0.18     0.00
  MONTH TO DATE    2.66                      3.87  -1.21     1.72
  SINCE MAR 1      7.30                     10.32  -3.02    12.85
  SINCE JAN 1     14.54                     17.40  -2.86    18.97

DEGREE DAYS
 COOLING
  TODAY           18                        14      4       16
  MONTH TO DATE  361                       300     61      282
  SINCE MAR 1    615                       542     73      671
  SINCE JAN 1    706                       580    126      858
..................................................................


WIND (MPH)
  RESULTANT WIND SPEED   4   RESULTANT WIND DIRECTION  SW (220)
  HIGHEST WIND SPEED    13   HIGHEST WIND DIRECTION    SW (240)
  HIGHEST GUST SPEED    16   HIGHEST GUST DIRECTION    SW (230)
  AVERAGE WIND SPEED     5.4



WEATHER CONDITIONS
 THE FOLLOWING WEATHER WAS RECORDED TODAY.
  FOG


RELATIVE HUMIDITY (PERCENT)
 HIGHEST   100           100 AM
 LOWEST     52           300 PM
 AVERAGE    76

..........................................................


THE HOUSTON/HOBBY AIRPORT CLIMATE NORMALS FOR TOMORROW
                         NORMAL    RECORD    YEAR
 MAXIMUM TEMPERATURE (F)   88        97      1973
 MINIMUM TEMPERATURE (F)   71        55      1934


SUNRISE AND SUNSET
MAY 26 2018...........SUNRISE   623 AM CDT   SUNSET   814 PM CDT
MAY 27 2018...........SUNRISE   623 AM CDT   SUNSET   814 PM CDT


-  INDICATES NEGATIVE NUMBERS.
R  INDICATES RECORD WAS SET OR TIED.
MM INDICATES DATA IS MISSING.
T  INDICATES TRACE AMOUNT.


...MISCELLANEOUS CLIMATE DATA FOR TODAY...

LOCATION                        HIGH    LOW     PRECIP
PEARLAND                         92      73      0.00
SUGAR LAND                       94      75      0.00
TOMBALL                          92      75      0.00
CONROE                           91      73      T
HUNTSVILLE                       91      75      T
ANGLETON/LAKE JACKSON            92      73      0.00
PALACIOS                         90      76      0.00
LEAGUE CITY (NWS)                91      74      0.00


THIS PRODUCT...ALONG WITH OTHER WEATHER...HYDROLOGIC...AND CLIMATE
PRODUCTS...IS AVAILABLE ON THE WEB AT HTTP://WWW.WEATHER.GOV/HGX

$$
