775
CDUS44 KLZK 200636
CLIHRO


CLIMATE REPORT
NATIONAL WEATHER SERVICE LITTLE ROCK AR
135 AM CDT SUN MAY 20 2018


...................................

...THE HARRISON CLIMATE SUMMARY FOR MAY 19 2018...

CLIMATE NORMAL PERIOD 1981 TO 2010
CLIMATE RECORD PERIOD 1891 TO 2018


WEATHER ITEM   OBSERVED TIME   RECORD YEAR NORMAL DEPARTURE LAST
                VALUE   (LST)  VALUE       VALUE  FROM      YEAR
                                                  NORMAL
..................................................................
TEMPERATURE (F)
 YESTERDAY
  MAXIMUM         88    244 PM  92    1937  77     11       82
                                      1917
                                      1904
  MINIMUM         63    525 AM  39    2002  56      7       59
  AVERAGE         76                        66     10       71

PRECIPITATION (IN)
  YESTERDAY        0.00          2.53 1960   0.14  -0.14     1.95
  MONTH TO DATE    2.15                      3.04  -0.89     3.34
  SINCE MAR 1     10.83                     11.15  -0.32    20.66
  SINCE JAN 1     19.46                     16.35   3.11    24.24

SNOWFALL (IN)
  YESTERDAY        0.0          MM      MM   0.0    0.0      0.0
  MONTH TO DATE    0.0                       0.0    0.0      0.0
  SINCE MAR 1      0.1                       2.3   -2.2      2.5
  SINCE JUL 1      2.2                      11.5   -9.3      3.4
  SNOW DEPTH       0

DEGREE DAYS
 HEATING
  YESTERDAY        0                         2     -2        0
  MONTH TO DATE    0                        60    -60       53
  SINCE MAR 1    834                       809     25      569
  SINCE JUL 1   3794                      3981   -187     2975

 COOLING
  YESTERDAY       11                         4      7        6
  MONTH TO DATE  136                        49     87       59
  SINCE MAR 1    145                        86     59      105
  SINCE JAN 1    150                        86     64      112
..................................................................


WIND (MPH)
  HIGHEST WIND SPEED    16   HIGHEST WIND DIRECTION     S (160)
  HIGHEST GUST SPEED    20   HIGHEST GUST DIRECTION     S (160)
  AVERAGE WIND SPEED     5.5


SKY COVER
  POSSIBLE SUNSHINE  MM
  AVERAGE SKY COVER 0.0


WEATHER CONDITIONS
 THE FOLLOWING WEATHER WAS RECORDED YESTERDAY.
  NO SIGNIFICANT WEATHER WAS OBSERVED.


RELATIVE HUMIDITY (PERCENT)
 HIGHEST    93           200 AM
 LOWEST     45           100 PM
 AVERAGE    69

..........................................................


THE HARRISON CLIMATE NORMALS FOR TODAY
                         NORMAL    RECORD    YEAR
 MAXIMUM TEMPERATURE (F)   77        94      1904
 MINIMUM TEMPERATURE (F)   56        38      1954


SUNRISE AND SUNSET
MAY 20 2018...........SUNRISE   603 AM CDT   SUNSET   816 PM CDT
MAY 21 2018...........SUNRISE   602 AM CDT   SUNSET   817 PM CDT


-  INDICATES NEGATIVE NUMBERS.
R  INDICATES RECORD WAS SET OR TIED.
MM INDICATES DATA IS MISSING.
T  INDICATES TRACE AMOUNT.




$$
