000
CDUS42 KMHX 212126
CLIHSE


CLIMATE REPORT
NATIONAL WEATHER SERVICE NEWPORT/MOREHEAD CITY NC
525 PM EDT MON MAY 21 2018


...................................

...THE CAPE HATTERAS NC CLIMATE SUMMARY FOR MAY 21 2018...
VALID TODAY AS OF 0500 PM LOCAL TIME.

CLIMATE NORMAL PERIOD 1981 TO 2010
CLIMATE RECORD PERIOD 1874 TO 2018


WEATHER ITEM   OBSERVED TIME   RECORD YEAR NORMAL DEPARTURE LAST
                VALUE   (LST)  VALUE       VALUE  FROM      YEAR
                                                  NORMAL
..................................................................
TEMPERATURE (F)
 TODAY
  MAXIMUM         82   1204 PM  85    1962  75      7       76
  MINIMUM         72    541 AM  45    1968  62     10       66
  AVERAGE         77                        68      9       71

PRECIPITATION (IN)
  TODAY            0.00          2.50 1971   0.11  -0.11     0.01
  MONTH TO DATE    6.26                      2.44   3.82     4.59
  SINCE MAR 1     14.94                     10.85   4.09    17.90
  SINCE JAN 1     25.19                     20.11   5.08    24.21

SNOWFALL (IN)
  TODAY            0.0
  MONTH TO DATE    0.0
  SINCE NOV 1      3.5
  SINCE JUL 1      3.5
  SNOW DEPTH       0

DEGREE DAYS
 HEATING
  TODAY            0                         1     -1        0
  MONTH TO DATE    7                        42    -35        3
  SINCE MAR 1    676                       652     24      406
  SINCE JUL 1   2287                      2576   -289     1728

 COOLING
  TODAY           12                         4      8        6
  MONTH TO DATE  134                        60     74      128
  SINCE MAR 1    166                        88     78      306
  SINCE JAN 1    176                        88     88      314
..................................................................


WIND (MPH)
  HIGHEST WIND SPEED    14   HIGHEST WIND DIRECTION    SW (240)
  HIGHEST GUST SPEED    19   HIGHEST GUST DIRECTION    SW (240)
  AVERAGE WIND SPEED     9.3


SKY COVER
  POSSIBLE SUNSHINE  MM
  AVERAGE SKY COVER 0.2


WEATHER CONDITIONS
 THE FOLLOWING WEATHER WAS RECORDED TODAY.
  FOG


RELATIVE HUMIDITY (PERCENT)
 HIGHEST   100           400 AM
 LOWEST     74          1200 PM
 AVERAGE    87

..........................................................


THE CAPE HATTERAS NC CLIMATE NORMALS FOR TOMORROW
                         NORMAL    RECORD    YEAR
 MAXIMUM TEMPERATURE (F)   75        85      2014
                                             2011
 MINIMUM TEMPERATURE (F)   62        48      2005


SUNRISE AND SUNSET
MAY 21 2018...........SUNRISE   554 AM EDT   SUNSET   804 PM EDT
MAY 22 2018...........SUNRISE   554 AM EDT   SUNSET   805 PM EDT


-  INDICATES NEGATIVE NUMBERS.
R  INDICATES RECORD WAS SET OR TIED.
MM INDICATES DATA IS MISSING.
T  INDICATES TRACE AMOUNT.




$$
