000
CDUS44 KHUN 240730
CLIHSV


CLIMATE REPORT
NATIONAL WEATHER SERVICE HUNTSVILLE AL
230 AM CDT TUE APR 24 2018


...................................

...THE HUNTSVILLE CLIMATE SUMMARY FOR APRIL 23 2018...

CLIMATE NORMAL PERIOD 1981 TO 2010
CLIMATE RECORD PERIOD 1894 TO 2018


WEATHER ITEM   OBSERVED TIME   RECORD YEAR NORMAL DEPARTURE LAST
                VALUE   (LST)  VALUE       VALUE  FROM      YEAR
                                                  NORMAL
..................................................................
TEMPERATURE (F)
 YESTERDAY
  MAXIMUM         69    212 PM  94    1925  76     -7       62
  MINIMUM         57   1159 PM  32    1927  52      5       51
  AVERAGE         63                        64     -1       57

PRECIPITATION (IN)
  YESTERDAY        0.47          1.69 1983   0.14   0.33     0.04
  MONTH TO DATE    8.13                      3.27   4.86     2.91
  SINCE MAR 1     11.44                      8.48   2.96     6.82
  SINCE JAN 1     21.85                     18.21   3.64    15.69

SNOWFALL (IN)
  YESTERDAY        0.0
  MONTH TO DATE    0.0
  SINCE MAR 1      T
  SINCE JUL 1      0.4
  SNOW DEPTH       0

DEGREE DAYS
 HEATING
  YESTERDAY        2                         4     -2        8
  MONTH TO DATE  193                       135     58       49
  SINCE MAR 1    588                       503     85      361
  SINCE JUL 1   2873                      2955    -82     1928

 COOLING
  YESTERDAY        0                         2     -2        0
  MONTH TO DATE   13                        37    -24      112
  SINCE MAR 1     17                        50    -33      137
  SINCE JAN 1     52                        51      1      142
..................................................................


WIND (MPH)
  HIGHEST WIND SPEED    22   HIGHEST WIND DIRECTION    SE (150)
  HIGHEST GUST SPEED    25   HIGHEST GUST DIRECTION    SE (150)
  AVERAGE WIND SPEED     7.4


SKY COVER
  POSSIBLE SUNSHINE  MM
  AVERAGE SKY COVER 0.9


WEATHER CONDITIONS
 THE FOLLOWING WEATHER WAS RECORDED YESTERDAY.
  THUNDERSTORM
  HEAVY RAIN
  RAIN
  LIGHT RAIN
  FOG
  HAZE


RELATIVE HUMIDITY (PERCENT)
 HIGHEST   100           200 AM
 LOWEST     66          1100 AM
 AVERAGE    83

..........................................................


THE HUNTSVILLE CLIMATE NORMALS FOR TODAY
                         NORMAL    RECORD    YEAR
 MAXIMUM TEMPERATURE (F)   76        91      1960
 MINIMUM TEMPERATURE (F)   53        32      1910


SUNRISE AND SUNSET
APRIL 24 2018.........SUNRISE   605 AM CDT   SUNSET   726 PM CDT
APRIL 25 2018.........SUNRISE   603 AM CDT   SUNSET   727 PM CDT


-  INDICATES NEGATIVE NUMBERS.
R  INDICATES RECORD WAS SET OR TIED.
MM INDICATES DATA IS MISSING.
T  INDICATES TRACE AMOUNT.




$$
