000
CDUS43 KAPX 230550
CLIHTL


CLIMATE REPORT
NATIONAL WEATHER SERVICE GAYLORD MI
150 AM EDT MON APR 23 2018


...................................

...THE HOUGHTON LAKE MI CLIMATE SUMMARY FOR APRIL 22 2018...

CLIMATE NORMAL PERIOD 1981 TO 2010
CLIMATE RECORD PERIOD 1913 TO 2018


WEATHER ITEM   OBSERVED TIME   RECORD YEAR NORMAL DEPARTURE LAST
                VALUE   (LST)  VALUE       VALUE  FROM      YEAR
                                                  NORMAL
..................................................................
TEMPERATURE (F)
 YESTERDAY
  MAXIMUM         63    351 PM  86    1980  57      6       62
  MINIMUM         26    621 AM  15    1945  34     -8       31
  AVERAGE         45                        46     -1       47

PRECIPITATION (IN)
  YESTERDAY        0.00          1.01 1921   0.08  -0.08     0.00
  MONTH TO DATE    3.28                      1.85   1.43     4.52
  SINCE MAR 1      4.08                      3.69   0.39     7.20
  SINCE JAN 1      8.25                      6.41   1.84    12.68

SNOWFALL (IN)
  YESTERDAY        0.0           1.0  1924   0.0    0.0      0.0
  MONTH TO DATE   14.1                       3.4   10.7       T
  SINCE OCT 1     55.8                      66.2  -10.4     76.1
  SINCE JUL 1     55.8                      66.2  -10.4     76.1
  SNOW DEPTH       T

DEGREE DAYS
 HEATING
  YESTERDAY       20                        20      0       18
  MONTH TO DATE  752                       533    219      415
  SINCE MAR 1   1867                      1646    221     1512
  SINCE JUL 1   7420                      7518    -98     6362

 COOLING
  YESTERDAY        0                         0      0        0
  MONTH TO DATE    0                         0      0        0
  SINCE MAR 1      0                         0      0        0
  SINCE JAN 1      0                         0      0        0
..................................................................


WIND (MPH)
  HIGHEST WIND SPEED    14   HIGHEST WIND DIRECTION    SE (120)
  HIGHEST GUST SPEED    17   HIGHEST GUST DIRECTION    SE (130)
  AVERAGE WIND SPEED     4.1




RELATIVE HUMIDITY (PERCENT)
 HIGHEST    92
 LOWEST     17
 AVERAGE    55

..........................................................


THE HOUGHTON LAKE MI CLIMATE NORMALS FOR TODAY
                         NORMAL    RECORD    YEAR
 MAXIMUM TEMPERATURE (F)   58        89      1925
 MINIMUM TEMPERATURE (F)   34        13      1936


SUNRISE AND SUNSET
APRIL 23 2018.........SUNRISE   642 AM EDT   SUNSET   833 PM EDT
APRIL 24 2018.........SUNRISE   640 AM EDT   SUNSET   834 PM EDT


-  INDICATES NEGATIVE NUMBERS.
R  INDICATES RECORD WAS SET OR TIED.
MM INDICATES DATA IS MISSING.
T  INDICATES TRACE AMOUNT.




$$
