000
CDUS43 KIND 260534
CLIHUF


CLIMATE REPORT
NATIONAL WEATHER SERVICE INDIANAPOLIS IN
133 AM EDT THU APR 26 2018


...................................

...THE TERRE HAUTE IN CLIMATE SUMMARY FOR APRIL 25 2018...

CLIMATE NORMAL PERIOD 1981 TO 2010
CLIMATE RECORD PERIOD 9999 TO 9999


WEATHER ITEM   OBSERVED TIME   NORMAL DEPARTURE LAST
                VALUE   (LST)  VALUE  FROM      YEAR
                                      NORMAL
......................................................
TEMPERATURE (F)
 YESTERDAY
  MAXIMUM         67    417 PM  67      0       78
  MINIMUM         44   1146 PM  45     -1       48
  AVERAGE         56            56      0       63

PRECIPITATION (IN)
  YESTERDAY        0.00          0.18  -0.18     0.00
  MONTH TO DATE    4.45          3.00   1.45     2.66
  SINCE MAR 1      9.42          6.37   3.05     6.23
  SINCE JAN 1     15.27         10.66   4.61    10.57

DEGREE DAYS
 HEATING
  YESTERDAY        9             9      0        2
  MONTH TO DATE  463           324    139      189
  SINCE MAR 1   1238          1015    223      760
  SINCE JUL 1   5248          5178     70     4095

 COOLING
  YESTERDAY        0             1     -1        0
  MONTH TO DATE    4            11     -7       19
  SINCE MAR 1      4            12     -8       21
  SINCE JAN 1      4            12     -8       21
......................................................


WIND (MPH)
  HIGHEST WIND SPEED    14   HIGHEST WIND DIRECTION     N (20)
  HIGHEST GUST SPEED    20   HIGHEST GUST DIRECTION     N (10)
  AVERAGE WIND SPEED     7.3


SKY COVER
  AVERAGE SKY COVER 0.2


WEATHER CONDITIONS
 THE FOLLOWING WEATHER WAS RECORDED YESTERDAY.
  FOG


RELATIVE HUMIDITY (PERCENT)
 HIGHEST   100           100 AM
 LOWEST     42           500 PM
 AVERAGE    71

..........................................................


THE TERRE HAUTE IN CLIMATE NORMALS FOR TODAY
                         NORMAL
 MAXIMUM TEMPERATURE (F)   68
 MINIMUM TEMPERATURE (F)   46


SUNRISE AND SUNSET
APRIL 26 2018.........SUNRISE   657 AM EDT   SUNSET   838 PM EDT
APRIL 27 2018.........SUNRISE   655 AM EDT   SUNSET   839 PM EDT


-  INDICATES NEGATIVE NUMBERS.
R  INDICATES RECORD WAS SET OR TIED.
MM INDICATES DATA IS MISSING.
T  INDICATES TRACE AMOUNT.




$$
