689
CDUS43 KUNR 260831
CLIICR


CLIMATE REPORT
NATIONAL WEATHER SERVICE RAPID CITY SD
231 AM MDT THU APR 26 2018


...................................

...THE WINNER REGIONAL AIRPORT SD CLIMATE SUMMARY FOR APRIL 25 2018...

CLIMATE NORMAL PERIOD 1981 TO 2010
CLIMATE RECORD PERIOD 9999 TO 9999


WEATHER ITEM   OBSERVED TIME   NORMAL DEPARTURE LAST
                VALUE   (LST)  VALUE  FROM      YEAR
                                      NORMAL
......................................................
TEMPERATURE (F)
 YESTERDAY
  MAXIMUM         66    549 PM  63      3       39
  MINIMUM         34    619 AM  39     -5       33
  AVERAGE         50            51     -1       36

PRECIPITATION (IN)
  YESTERDAY        0.00          0.09  -0.09     0.01
  MONTH TO DATE    0.70          1.94  -1.24     2.10
  SINCE MAR 1      2.42          3.32  -0.90     2.42
  SINCE JAN 1      3.45          4.08  -0.63     4.06

DEGREE DAYS
 HEATING
  YESTERDAY       15            14      1       29
  MONTH TO DATE  697           454    243      341
  SINCE MAR 1   1583          1330    253     1075
  SINCE JUL 1   6483          6339    144     5227

 COOLING
  YESTERDAY        0             0      0        0
  MONTH TO DATE    0             0      0        2
  SINCE MAR 1      0             0      0        2
  SINCE JAN 1      0             0      0        2
......................................................


WIND (MPH)
  HIGHEST WIND SPEED    23   HIGHEST WIND DIRECTION     S (190)
  HIGHEST GUST SPEED    29   HIGHEST GUST DIRECTION     S (190)
  AVERAGE WIND SPEED    10.3


SKY COVER
  AVERAGE SKY COVER 0.0


WEATHER CONDITIONS
 THE FOLLOWING WEATHER WAS RECORDED YESTERDAY.
  NO SIGNIFICANT WEATHER WAS OBSERVED.


RELATIVE HUMIDITY (PERCENT)
 HIGHEST    82           100 AM
 LOWEST     22           400 PM
 AVERAGE    52

..........................................................




SUNRISE AND SUNSET
APRIL 26 2018.........SUNRISE   640 AM CDT   SUNSET   835 PM CDT
APRIL 27 2018.........SUNRISE   638 AM CDT   SUNSET   837 PM CDT


-  INDICATES NEGATIVE NUMBERS.
R  INDICATES RECORD WAS SET OR TIED.
MM INDICATES DATA IS MISSING.
T  INDICATES TRACE AMOUNT.




$$
