000
CDUS43 KUNR 250834
CLIIEN


CLIMATE REPORT
NATIONAL WEATHER SERVICE RAPID CITY SD
234 AM MDT FRI MAY 25 2018


...................................

...THE PINE RIDGE SD CLIMATE SUMMARY FOR MAY 24 2018...

CLIMATE NORMAL PERIOD 1981 TO 2010
CLIMATE RECORD PERIOD 9999 TO 9999


WEATHER ITEM   OBSERVED TIME   NORMAL DEPARTURE LAST
                VALUE   (LST)  VALUE  FROM      YEAR
                                      NORMAL
......................................................
TEMPERATURE (F)
 YESTERDAY
  MAXIMUM         83    300 PM  72     11       79
  MINIMUM         53    205 AM  45      8       33
  AVERAGE         68            58     10       56

PRECIPITATION (IN)
  YESTERDAY        0.00          0.08  -0.08     0.00
  MONTH TO DATE    2.50          1.96   0.54     3.77
  SINCE MAR 1      5.25          4.74   0.51     8.03
  SINCE JAN 1      6.28          5.53   0.75     9.17

DEGREE DAYS
 HEATING
  YESTERDAY        0             7     -7        9
  MONTH TO DATE  182           261    -79      256
  SINCE MAR 1   1736          1731      5     1459
  SINCE JUL 1   7040          7081    -41     6625

 COOLING
  YESTERDAY        3             1      2        0
  MONTH TO DATE   24             7     17       15
  SINCE MAR 1     25             7     18       16
  SINCE JAN 1     25             7     18       16
......................................................


WIND (MPH)
  HIGHEST WIND SPEED    23   HIGHEST WIND DIRECTION     S (200)
  HIGHEST GUST SPEED    26   HIGHEST GUST DIRECTION     S (200)
  AVERAGE WIND SPEED     8.2


SKY COVER
  AVERAGE SKY COVER 0.0


WEATHER CONDITIONS
 THE FOLLOWING WEATHER WAS RECORDED YESTERDAY.
  NO SIGNIFICANT WEATHER WAS OBSERVED.


RELATIVE HUMIDITY (PERCENT)
 HIGHEST    93           200 AM
 LOWEST     33           200 PM
 AVERAGE    63

..........................................................




SUNRISE AND SUNSET
MAY 25 2018...........SUNRISE   518 AM MDT   SUNSET   817 PM MDT
MAY 26 2018...........SUNRISE   517 AM MDT   SUNSET   818 PM MDT


-  INDICATES NEGATIVE NUMBERS.
R  INDICATES RECORD WAS SET OR TIED.
MM INDICATES DATA IS MISSING.
T  INDICATES TRACE AMOUNT.




$$
