000
CDUS42 KILM 212041
CLIILM


CLIMATE REPORT
NATIONAL WEATHER SERVICE WILMINGTON NC
440 PM EDT MON MAY 21 2018


...................................

...THE WILMINGTON NORTH CAROLINA CLIMATE SUMMARY FOR MAY 21 2018...
VALID TODAY AS OF 0400 PM LOCAL TIME.

CLIMATE NORMAL PERIOD 1981 TO 2010
CLIMATE RECORD PERIOD 1871 TO 2018


WEATHER ITEM   OBSERVED TIME   RECORD YEAR NORMAL DEPARTURE LAST
                VALUE   (LST)  VALUE       VALUE  FROM      YEAR
                                                  NORMAL
..................................................................
TEMPERATURE (F)
 TODAY
  MAXIMUM         86    235 PM  94    1962  82      4       79
                                      1933
  MINIMUM         70    548 AM  44    2002  62      8       71
  AVERAGE         78                        72      6       75

PRECIPITATION (IN)
  TODAY            0.01          4.34 1963   0.16  -0.15     0.00
  MONTH TO DATE    7.08                      2.84   4.24     1.88
  SINCE MAR 1     15.70                      9.87   5.83    11.64
  SINCE JAN 1     24.35                     17.25   7.10    17.19

DEGREE DAYS
 HEATING
  TODAY            0                         0      0        0
  MONTH TO DATE    2                        25    -23       12
  SINCE MAR 1    595                       478    117      429
  SINCE JUL 1   2397                      2407    -10     1944

 COOLING
  TODAY           13                         7      6       10
  MONTH TO DATE  184                       110     74      151
  SINCE MAR 1    231                       193     38      315
  SINCE JAN 1    269                       198     71      321
..................................................................


WIND (MPH)
  RESULTANT WIND SPEED   6   RESULTANT WIND DIRECTION  SW (230)
  HIGHEST WIND SPEED    16   HIGHEST WIND DIRECTION     W (260)
  HIGHEST GUST SPEED    20   HIGHEST GUST DIRECTION     W (250)
  AVERAGE WIND SPEED     6.3


SKY COVER
  POSSIBLE SUNSHINE  MM
  AVERAGE SKY COVER 0.1


WEATHER CONDITIONS
 THE FOLLOWING WEATHER WAS RECORDED TODAY.
  LIGHT RAIN


RELATIVE HUMIDITY (PERCENT)
 HIGHEST    93          1200 AM
 LOWEST     59           300 PM
 AVERAGE    76

..........................................................


THE WILMINGTON NORTH CAROLINA CLIMATE NORMALS FOR TOMORROW
                         NORMAL    RECORD    YEAR
 MAXIMUM TEMPERATURE (F)   82        95      1975
 MINIMUM TEMPERATURE (F)   62        49      1981


SUNRISE AND SUNSET
MAY 21 2018...........SUNRISE   606 AM EDT   SUNSET   811 PM EDT
MAY 22 2018...........SUNRISE   605 AM EDT   SUNSET   812 PM EDT


-  INDICATES NEGATIVE NUMBERS.
R  INDICATES RECORD WAS SET OR TIED.
MM INDICATES DATA IS MISSING.
T  INDICATES TRACE AMOUNT.




$$
