000
CDUS43 KEAX 210633
CLIIRK


CLIMATE REPORT
NATIONAL WEATHER SERVICE KANSAS CITY/PLEASANT HILL MO
133 AM CDT SAT APR 21 2018


...................................

...THE KIRKSVILLE MO CLIMATE SUMMARY FOR APRIL 20 2018...

CLIMATE NORMAL PERIOD 1981 TO 2010
CLIMATE RECORD PERIOD 9999 TO 9999


WEATHER ITEM   OBSERVED TIME   NORMAL DEPARTURE LAST
                VALUE   (LST)  VALUE  FROM      YEAR
                                      NORMAL
......................................................
TEMPERATURE (F)
 YESTERDAY
  MAXIMUM         62    358 PM  64     -2       74
  MINIMUM         29    118 AM  42    -13       46
  AVERAGE         46            53     -7       60

PRECIPITATION (IN)
  YESTERDAY        0.00          0.16  -0.16     0.11
  MONTH TO DATE    0.65          2.20  -1.55     2.80
  SINCE MAR 1      3.47          4.75  -1.28     6.44
  SINCE JAN 1      7.58          7.55   0.03     8.30

DEGREE DAYS
 HEATING
  YESTERDAY       19            12      7        5
  MONTH TO DATE  505           300    205      158
  SINCE MAR 1   1297          1054    243      800
  SINCE JUL 1   5616          5587     29     4329

 COOLING
  YESTERDAY        0             0      0        0
  MONTH TO DATE    8             0      8       24
  SINCE MAR 1      8             0      8       24
  SINCE JAN 1      8             0      8       24
......................................................


WIND (MPH)
  HIGHEST WIND SPEED    18   HIGHEST WIND DIRECTION     E (110)
  HIGHEST GUST SPEED    24   HIGHEST GUST DIRECTION    SE (120)
  AVERAGE WIND SPEED     8.3


SKY COVER
  AVERAGE SKY COVER 0.0


WEATHER CONDITIONS
 THE FOLLOWING WEATHER WAS RECORDED YESTERDAY.
  NO SIGNIFICANT WEATHER WAS OBSERVED.


RELATIVE HUMIDITY (PERCENT)
 HIGHEST    78           400 AM
 LOWEST     22           400 PM
 AVERAGE    50

..........................................................


THE KIRKSVILLE MO CLIMATE NORMALS FOR TODAY
                         NORMAL
 MAXIMUM TEMPERATURE (F)   65
 MINIMUM TEMPERATURE (F)   43


SUNRISE AND SUNSET
APRIL 21 2018.........SUNRISE   623 AM CDT   SUNSET   755 PM CDT
APRIL 22 2018.........SUNRISE   622 AM CDT   SUNSET   756 PM CDT


-  INDICATES NEGATIVE NUMBERS.
R  INDICATES RECORD WAS SET OR TIED.
MM INDICATES DATA IS MISSING.
T  INDICATES TRACE AMOUNT.




$$
