345
CDCA42 TJSJ 250445
CLIIST


CLIMATE REPORT
NATIONAL WEATHER SERVICE SAN JUAN, PR
1245 AM AST WED APR 25 2018


...................................

...THE CYRIL E. KING AP/ST THOMAS  CLIMATE SUMMARY FOR APRIL 24 2018...

CLIMATE NORMAL PERIOD 1981 TO 2010
CLIMATE RECORD PERIOD 1953 TO 2018


WEATHER ITEM   OBSERVED TIME   RECORD YEAR NORMAL DEPARTURE LAST
                VALUE   (LST)  VALUE       VALUE  FROM      YEAR
                                                  NORMAL
..................................................................
TEMPERATURE (F)
 YESTERDAY
  MAXIMUM         88   1252 PM  93    1994  87      1       85
  MINIMUM         76    619 AM  65    1973  75      1       77
  AVERAGE         82                        81      1       81

PRECIPITATION (IN)
  YESTERDAY        0.01          2.42 2007   0.10  -0.09     0.11
  MONTH TO DATE    0.99                      2.02  -1.03     0.65
  SINCE MAR 1      3.25                      3.44  -0.19     6.48
  SINCE JAN 1      9.26                      7.25   2.01     9.16

SNOWFALL (IN)
  YESTERDAY        0.0                       0.0    0.0      0.0
  MONTH TO DATE    0.0                       0.0    0.0      0.0
  SINCE MAR 1      0.0                       0.0    0.0      0.0
  SINCE JUL 1      0.0                       0.0    0.0      0.0

DEGREE DAYS
 HEATING
  YESTERDAY        0                         0      0        0
  MONTH TO DATE    0                         0      0        0
  SINCE MAR 1      0                         0      0        0
  SINCE JUL 1      0                         0      0        0

 COOLING
  YESTERDAY       17                        16      1       16
  MONTH TO DATE  330                       373    -43      354
  SINCE MAR 1    396                       818   -422      765
  SINCE JAN 1   1191                      1632   -441     1561
..................................................................


WIND (MPH)
  HIGHEST WIND SPEED    18   HIGHEST WIND DIRECTION     E (90)
  HIGHEST GUST SPEED    23   HIGHEST GUST DIRECTION    NE (50)
  AVERAGE WIND SPEED     9.9


SKY COVER
  AVERAGE SKY COVER 0.1


WEATHER CONDITIONS
 THE FOLLOWING WEATHER WAS RECORDED YESTERDAY.
  HEAVY RAIN
  HAZE


RELATIVE HUMIDITY (PERCENT)
 HIGHEST    94
 LOWEST     53
 AVERAGE    74

..........................................................


THE CYRIL E. KING AP/ST THOMAS  CLIMATE NORMALS FOR TODAY
                         NORMAL    RECORD    YEAR
 MAXIMUM TEMPERATURE (F)   87        94      1994
 MINIMUM TEMPERATURE (F)   75        71      1989


SUNRISE AND SUNSET
APRIL 25 2018.........SUNRISE   556 AM AST   SUNSET   639 PM AST
APRIL 26 2018.........SUNRISE   556 AM AST   SUNSET   640 PM AST


-  INDICATES NEGATIVE NUMBERS.
R  INDICATES RECORD WAS SET OR TIED.
MM INDICATES DATA IS MISSING.
T  INDICATES TRACE AMOUNT.




$$
