000
CDHW43 PHFO 220226
CLIITO


CLIMATE REPORT
NATIONAL WEATHER SERVICE HONOLULU HI
425 PM HST SAT APR 21 2018


...................................

...THE HILO HI CLIMATE SUMMARY FOR APRIL 21 2018...
VALID TODAY AS OF 0400 PM LOCAL TIME.

CLIMATE NORMAL PERIOD 1981 TO 2010
CLIMATE RECORD PERIOD 1946 TO 2018


WEATHER ITEM   OBSERVED TIME   RECORD YEAR NORMAL DEPARTURE LAST
                VALUE   (LST)  VALUE       VALUE  FROM      YEAR
                                                  NORMAL
..................................................................
TEMPERATURE (F)
 TODAY
  MAXIMUM         80   1221 PM  86    1967  79      1       83
  MINIMUM         68    615 AM  59    1966  66      2       65
  AVERAGE         74                        72      2       74

PRECIPITATION (IN)
  TODAY            0.26          7.20 1970   0.36  -0.10     0.00
  MONTH TO DATE    9.34                      8.49   0.85     4.10
  SINCE MAR 1     20.27                     21.92  -1.65     7.50
  SINCE JAN 1     50.35                     40.74   9.61    25.99

SNOWFALL (IN)
  TODAY            0.0
  MONTH TO DATE    0.0
  SINCE MAR 1      0.0
  SINCE JUL 1      0.0
  SNOW DEPTH      MM

DEGREE DAYS
 HEATING
  TODAY            0                         0      0        0
  MONTH TO DATE    0                         0      0        0
  SINCE MAR 1      0                         0      0        0
  SINCE JUL 1      0                         0      0        0

 COOLING
  TODAY            9                         7      2        9
  MONTH TO DATE  219                       147     72      194
  SINCE MAR 1    505                       358    147      496
  SINCE JAN 1   1013                       728    285      905
..................................................................


WIND (MPH)
  HIGHEST WIND SPEED    16   HIGHEST WIND DIRECTION    SE (130)
  HIGHEST GUST SPEED    20   HIGHEST GUST DIRECTION    SE (120)
  AVERAGE WIND SPEED    MM


SKY COVER
  POSSIBLE SUNSHINE  MM
  AVERAGE SKY COVER  MM


WEATHER CONDITIONS
 THE FOLLOWING WEATHER WAS RECORDED TODAY.
  FOG
  HAZE


RELATIVE HUMIDITY (PERCENT)
 HIGHEST    MM
 LOWEST     MM
 AVERAGE    MM

..........................................................


THE HILO HI CLIMATE NORMALS FOR TOMORROW
                         NORMAL    RECORD    YEAR
 MAXIMUM TEMPERATURE (F)   79        86      2013
 MINIMUM TEMPERATURE (F)   66        60      1966
                                             1961


SUNRISE AND SUNSET
APRIL 21 2018.........SUNRISE   558 AM HST   SUNSET   640 PM HST
APRIL 22 2018.........SUNRISE   557 AM HST   SUNSET   641 PM HST


-  INDICATES NEGATIVE NUMBERS.
R  INDICATES RECORD WAS SET OR TIED.
MM INDICATES DATA IS MISSING.
T  INDICATES TRACE AMOUNT.




$$
