000
CDUS43 KGLD 250107
CLIITR

CLIMATE REPORT
NATIONAL WEATHER SERVICE GOODLAND
704 PM MDT TUE APR 24 2018
...................................

...THE BURLINGTON CO CLIMATE SUMMARY FOR APRIL 24 2018...
VALID TODAY AS OF 0600 PM LOCAL TIME.

CLIMATE NORMAL PERIOD 1981 TO 2010
CLIMATE RECORD PERIOD 1896 TO 2018

WEATHER ITEM   OBSERVED TIME   RECORD YEAR NORMAL DEPARTURE LAST
                VALUE   (LST)  VALUE       VALUE  FROM      YEAR
                                                  NORMAL
..................................................................
TEMPERATURE (F)
 TODAY
  MAXIMUM         50   1231 AM  92    2012  65    -15       73
  MINIMUM         33    955 AM  16    2013  36     -3       49
  AVERAGE         42                        50     -8       61

PRECIPITATION (IN)
  TODAY            0.51                      0.07   0.44     0.00
  MONTH TO DATE    1.71                      1.07   0.64     1.59
  SINCE MAR 1      2.02                      1.96   0.06     4.52
  SINCE JAN 1      3.58                      2.76   0.82     5.08

..................................................................

THE BURLINGTON CO CLIMATE NORMALS FOR TOMORROW
                         NORMAL    RECORD    YEAR
 MAXIMUM TEMPERATURE (F)   65        95      2012
 MINIMUM TEMPERATURE (F)   37        19      1924

-  INDICATES NEGATIVE NUMBERS.
R  INDICATES RECORD WAS SET OR TIED.
MM INDICATES DATA IS MISSING.
T  INDICATES TRACE AMOUNT.

$$
