000
CDUS44 KJAN 262209
CLIJAN


CLIMATE REPORT
NATIONAL WEATHER SERVICE JACKSON MS
503 PM CDT THU APR 26 2018


...................................

...THE JACKSON CLIMATE SUMMARY FOR APRIL 26 2018...
VALID TODAY AS OF 0500 PM LOCAL TIME.

CLIMATE NORMAL PERIOD 1981 TO 2010
CLIMATE RECORD PERIOD 1896 TO 2018


WEATHER ITEM   OBSERVED TIME   RECORD YEAR NORMAL DEPARTURE LAST
                VALUE   (LST)  VALUE       VALUE  FROM      YEAR
                                                  NORMAL
..................................................................
TEMPERATURE (F)
 TODAY
  MAXIMUM         65    224 PM  90    1989  78    -13       82
                                      1925
  MINIMUM         56   1003 AM  36    1910  55      1       59
  AVERAGE         61                        67     -6       71

PRECIPITATION (IN)
  TODAY            0.46          2.22 1920   0.15   0.31     0.94
  MONTH TO DATE    9.04                      4.42   4.62     9.77
  SINCE MAR 1     18.23                      9.46   8.77    14.29
  SINCE JAN 1     31.84                     19.19  12.65    24.50

SNOWFALL (IN)
  TODAY            0.0           T    2017   0.0    0.0       T
  MONTH TO DATE    0.0                       0.0    0.0       T
  SINCE MAR 1      0.0                       0.1   -0.1       T
  SINCE JUL 1      5.9                       0.8    5.1      0.8

DEGREE DAYS
 HEATING
  TODAY            4                         2      2        0
  MONTH TO DATE  149                       102     47       33
  SINCE MAR 1    377                       380     -3      197
  SINCE JUL 1   2047                      2372   -325     1315

 COOLING
  TODAY            0                         4     -4        6
  MONTH TO DATE   22                        64    -42      110
  SINCE MAR 1     62                        91    -29      195
  SINCE JAN 1    127                       101     26      253
..................................................................


WIND (MPH)
  HIGHEST WIND SPEED    15   HIGHEST WIND DIRECTION     W (270)
  HIGHEST GUST SPEED    23   HIGHEST GUST DIRECTION     W (270)
  AVERAGE WIND SPEED    10.8


SKY COVER
  POSSIBLE SUNSHINE  MM
  AVERAGE SKY COVER 1.0


WEATHER CONDITIONS
 THE FOLLOWING WEATHER WAS RECORDED TODAY.
  HEAVY RAIN
  RAIN
  LIGHT RAIN
  FOG


RELATIVE HUMIDITY (PERCENT)
 HIGHEST    97           100 AM
 LOWEST     67          1200 AM
 AVERAGE    82

..........................................................


THE JACKSON CLIMATE NORMALS FOR TOMORROW
                         NORMAL    RECORD    YEAR
 MAXIMUM TEMPERATURE (F)   79        93      1987
 MINIMUM TEMPERATURE (F)   56        39      1992


SUNRISE AND SUNSET
APRIL 26 2018.........SUNRISE   619 AM CDT   SUNSET   738 PM CDT
APRIL 27 2018.........SUNRISE   618 AM CDT   SUNSET   739 PM CDT


-  INDICATES NEGATIVE NUMBERS.
R  INDICATES RECORD WAS SET OR TIED.
MM INDICATES DATA IS MISSING.
T  INDICATES TRACE AMOUNT.


&&

AT 4 PM:

THE PEARL RIVER STAGE AT JACKSON WAS 24.1 FEET. THE RIVER FELL
BY 0.4 FEET OVER THE PAST 24 HOURS.

THE MISSISSIPPI RIVER STAGE AT VICKSBURG WAS 42.5 FEET. THE RIVER
FELL BY 0.2 FEET OVER THE PAST 24 HOURS.

THE AIR QUALITY INDEX IN JACKSON WAS 39...WHICH WAS GOOD.

$$

NF
