000
CDUS43 KBIS 190724
CLIJMS


CLIMATE REPORT
NATIONAL WEATHER SERVICE BISMARCK ND
223 AM CDT THU APR 19 2018


...................................

...THE JAMESTOWN ND CLIMATE SUMMARY FOR APRIL 18 2018...

CLIMATE NORMAL PERIOD 1981 TO 2010
CLIMATE RECORD PERIOD 1891 TO 2018


WEATHER ITEM   OBSERVED TIME   RECORD YEAR NORMAL DEPARTURE LAST
                VALUE   (LST)  VALUE       VALUE  FROM      YEAR
                                                  NORMAL
..................................................................
TEMPERATURE (F)
 YESTERDAY
  MAXIMUM         50    412 PM  90    1987  57     -7       51
  MINIMUM         33   1153 PM  10    1910  31      2       36
  AVERAGE         42                        44     -2       44

PRECIPITATION (IN)
  YESTERDAY        0.00          1.11 1986   0.04  -0.04     0.58
  MONTH TO DATE    0.02                      0.59  -0.57     1.10
  SINCE MAR 1      0.55                      1.43  -0.88     1.18
  SINCE JAN 1      0.68                      2.28  -1.60     1.60

DEGREE DAYS
 HEATING
  YESTERDAY       23                        21      2       21
  MONTH TO DATE  733                       459    274      353
  SINCE MAR 1   1966                      1620    346     1508
  SINCE JUL 1   8677                      8379    298     7517

 COOLING
  YESTERDAY        0                         0      0        0
  MONTH TO DATE    0                         0      0        0
  SINCE MAR 1      0                         0      0        0
  SINCE JAN 1      0                         0      0        0
..................................................................


WIND (MPH)
  HIGHEST WIND SPEED    20   HIGHEST WIND DIRECTION     N (20)
  HIGHEST GUST SPEED    24   HIGHEST GUST DIRECTION     N (20)
  AVERAGE WIND SPEED     8.4


SKY COVER
  POSSIBLE SUNSHINE  MM
  AVERAGE SKY COVER 0.2


WEATHER CONDITIONS
 THE FOLLOWING WEATHER WAS RECORDED YESTERDAY.
  NO SIGNIFICANT WEATHER WAS OBSERVED.


RELATIVE HUMIDITY (PERCENT)
 HIGHEST    82           400 AM
 LOWEST     42           200 PM
 AVERAGE    62

..........................................................


THE JAMESTOWN ND CLIMATE NORMALS FOR TODAY
                         NORMAL    RECORD    YEAR
 MAXIMUM TEMPERATURE (F)   57        82      1987
                                             1908
 MINIMUM TEMPERATURE (F)   32        12      1922


SUNRISE AND SUNSET
APRIL 19 2018.........SUNRISE   640 AM CDT   SUNSET   829 PM CDT
APRIL 20 2018.........SUNRISE   638 AM CDT   SUNSET   830 PM CDT


-  INDICATES NEGATIVE NUMBERS.
R  INDICATES RECORD WAS SET OR TIED.
MM INDICATES DATA IS MISSING.
T  INDICATES TRACE AMOUNT.




$$
