000
CDUS46 KLOX 240915
CLILAX


CLIMATE REPORT
NATIONAL WEATHER SERVICE LOS ANGELES/OXNARD CA
215 AM PDT TUE APR 24 2018


...................................

...THE LOS ANGELES INTL AIRPORT CA CLIMATE SUMMARY FOR APRIL 23 2018...

CLIMATE NORMAL PERIOD 1981 TO 2010
CLIMATE RECORD PERIOD 1944 TO 2018


WEATHER ITEM   OBSERVED TIME   RECORD YEAR NORMAL DEPARTURE LAST
                VALUE   (LST)  VALUE       VALUE  FROM      YEAR
                                                  NORMAL
..................................................................
TEMPERATURE (F)
 YESTERDAY
  MAXIMUM         68    941 AM  87    2004  67      1       74
  MINIMUM         54   1019 PM  46    2010  55     -1       58
  AVERAGE         61                        61      0       66

PRECIPITATION (IN)
  YESTERDAY        0.00          0.06 1988   0.02  -0.02     0.00
  MONTH TO DATE    0.05                      0.59  -0.54     0.38
  SINCE OCT 1      3.73                     12.12  -8.39    16.19
  SINCE JAN 1      3.62                      8.40  -4.78    11.94

SNOWFALL (IN)
  YESTERDAY        0.0
  MONTH TO DATE    0.0
  SINCE MAR 1      0.0
  SINCE JUL 1      0.0

DEGREE DAYS
 HEATING
  YESTERDAY        4                         5     -1        0
  MONTH TO DATE   70                       128    -58       64
  SINCE MAR 1    259                       349    -90      176
  SINCE JUL 1    708                      1278   -570      949

 COOLING
  YESTERDAY        0                         1     -1        1
  MONTH TO DATE   19                         2     17       13
  SINCE MAR 1     19                         8     11       15
  SINCE JAN 1     50                        17     33       15
..................................................................


WIND (MPH)
  HIGHEST WIND SPEED    17   HIGHEST WIND DIRECTION     W (260)
  HIGHEST GUST SPEED    20   HIGHEST GUST DIRECTION     W (260)
  AVERAGE WIND SPEED     5.9


SKY COVER
  POSSIBLE SUNSHINE  MM
  AVERAGE SKY COVER 0.8


WEATHER CONDITIONS
 THE FOLLOWING WEATHER WAS RECORDED YESTERDAY.
  FOG
  HAZE


RELATIVE HUMIDITY (PERCENT)
 HIGHEST    93          1200 AM
 LOWEST     67           200 PM
 AVERAGE    80

..........................................................


THE LOS ANGELES INTL AIRPORT CA CLIMATE NORMALS FOR TODAY
                         NORMAL    RECORD    YEAR
 MAXIMUM TEMPERATURE (F)   67        82      1995
 MINIMUM TEMPERATURE (F)   55        47      1963
                                             1960


SUNRISE AND SUNSET
APRIL 24 2018.........SUNRISE   612 AM PDT   SUNSET   732 PM PDT
APRIL 25 2018.........SUNRISE   611 AM PDT   SUNSET   733 PM PDT


-  INDICATES NEGATIVE NUMBERS.
R  INDICATES RECORD WAS SET OR TIED.
MM INDICATES DATA IS MISSING.
T  INDICATES TRACE AMOUNT.




$$
