000
CDUS44 KLUB 190627
CLILBB


CLIMATE REPORT
NATIONAL WEATHER SERVICE LUBBOCK, TX
127 AM CDT THU APR 19 2018


...................................

...THE LUBBOCK CLIMATE SUMMARY FOR APRIL 18 2018...

CLIMATE NORMAL PERIOD 1981 TO 2010
CLIMATE RECORD PERIOD 1911 TO 2018


WEATHER ITEM   OBSERVED TIME   RECORD YEAR NORMAL DEPARTURE LAST
                VALUE   (LST)  VALUE       VALUE  FROM      YEAR
                                                  NORMAL
..................................................................
TEMPERATURE (F)
 YESTERDAY
  MAXIMUM         71    459 PM  96    1987  76     -5       85
  MINIMUM         45   1151 PM  29    1953  47     -2       54
                                      1944
  AVERAGE         58                        61     -3       70

PRECIPITATION (IN)
  YESTERDAY        0.00          0.84 1949   0.04  -0.04     0.00
  MONTH TO DATE    T                         0.76  -0.76     0.81
  SINCE MAR 1      0.87                      1.86  -0.99     1.48
  SINCE JAN 1      1.07                      3.26  -2.19     4.40

SNOWFALL (IN)
  YESTERDAY        0.0           T    1949   0.0    0.0      0.0
  MONTH TO DATE    0.0                       0.2   -0.2      0.0
  SINCE MAR 1      0.0                       0.8   -0.8      0.0
  SINCE JUL 1      0.3                       8.2   -7.9      0.2
  SNOW DEPTH       0

DEGREE DAYS
 HEATING
  YESTERDAY        7                         5      2        0
  MONTH TO DATE  145                       134     11       81
  SINCE MAR 1    430                       549   -119      301
  SINCE JUL 1   2951                      3288   -337     2385

 COOLING
  YESTERDAY        0                         2     -2        5
  MONTH TO DATE   35                        21     14       42
  SINCE MAR 1     62                        28     34       88
  SINCE JAN 1     65                        28     37       92
..................................................................


WIND (MPH)
  RESULTANT WIND SPEED  13   RESULTANT WIND DIRECTION   N (20)
  HIGHEST WIND SPEED    29   HIGHEST WIND DIRECTION     N (20)
  HIGHEST GUST SPEED    36   HIGHEST GUST DIRECTION     N (20)
  AVERAGE WIND SPEED    14.6


SKY COVER
  AVERAGE SKY COVER 0.2


WEATHER CONDITIONS
 THE FOLLOWING WEATHER WAS RECORDED YESTERDAY.
  HAZE


RELATIVE HUMIDITY (PERCENT)
 HIGHEST    31           700 AM
 LOWEST      9          1200 AM
 AVERAGE    20

..........................................................


THE LUBBOCK CLIMATE NORMALS FOR TODAY
                         NORMAL    RECORD    YEAR
 MAXIMUM TEMPERATURE (F)   76        92      2001
                                             1987
                                             1961
 MINIMUM TEMPERATURE (F)   47        25      2013


SUNRISE AND SUNSET
APRIL 19 2018.........SUNRISE   712 AM CDT   SUNSET   821 PM CDT
APRIL 20 2018.........SUNRISE   711 AM CDT   SUNSET   822 PM CDT


-  INDICATES NEGATIVE NUMBERS.
R  INDICATES RECORD WAS SET OR TIED.
MM INDICATES DATA IS MISSING.
T  INDICATES TRACE AMOUNT.




$$
