000
CDUS42 KILM 220841
CLILBT


CLIMATE REPORT
NATIONAL WEATHER SERVICE WILMINGTON NC
440 AM EDT TUE MAY 22 2018


...................................

...THE LUMBERTON NORTH CAROLINA CLIMATE SUMMARY FOR MAY 21 2018...

CLIMATE NORMAL PERIOD 1981 TO 2010
CLIMATE RECORD PERIOD 1903 TO 2018


WEATHER ITEM   OBSERVED TIME   RECORD YEAR NORMAL DEPARTURE LAST
                VALUE   (LST)  VALUE       VALUE  FROM      YEAR
                                                  NORMAL
..................................................................
TEMPERATURE (F)
 YESTERDAY
  MAXIMUM         88    204 PM  97    1933  83      5       86
  MINIMUM         70    533 AM  42    2002  59     11       70
  AVERAGE         79                        71      8       78

PRECIPITATION (IN)
  YESTERDAY        0.00          1.39 1909   0.11  -0.11      T
  MONTH TO DATE    0.75                      1.84  -1.09     1.76
  SINCE MAR 1      6.57                      7.99  -1.42    11.73
  SINCE JAN 1      9.58                     13.86  -4.28    15.22

DEGREE DAYS
 HEATING
  YESTERDAY        0                         0      0        0
  MONTH TO DATE    2                        30    -28       14
  SINCE MAR 1    657                       529    128      432
  SINCE JUL 1   2745                      2759    -14     2079

 COOLING
  YESTERDAY       14                         7      7       13
  MONTH TO DATE  184                       100     84      136
  SINCE MAR 1    218                       165     53      285
  SINCE JAN 1    263                       168     95      295
..................................................................


WIND (MPH)
  RESULTANT WIND SPEED   5   RESULTANT WIND DIRECTION  SW (210)
  HIGHEST WIND SPEED    13   HIGHEST WIND DIRECTION    SW (230)
  HIGHEST GUST SPEED    15   HIGHEST GUST DIRECTION    SW (230)
  AVERAGE WIND SPEED     5.7


SKY COVER
  POSSIBLE SUNSHINE  MM
  AVERAGE SKY COVER 0.2


WEATHER CONDITIONS
 THE FOLLOWING WEATHER WAS RECORDED YESTERDAY.
  FOG


RELATIVE HUMIDITY (PERCENT)
 HIGHEST   100           300 AM
 LOWEST     51           400 PM
 AVERAGE    76

..........................................................


THE LUMBERTON NORTH CAROLINA CLIMATE NORMALS FOR TODAY
                         NORMAL    RECORD    YEAR
 MAXIMUM TEMPERATURE (F)   84        98      1941
 MINIMUM TEMPERATURE (F)   60        39      1992


SUNRISE AND SUNSET
MAY 22 2018...........SUNRISE   609 AM EDT   SUNSET   817 PM EDT
MAY 23 2018...........SUNRISE   608 AM EDT   SUNSET   818 PM EDT


-  INDICATES NEGATIVE NUMBERS.
R  INDICATES RECORD WAS SET OR TIED.
MM INDICATES DATA IS MISSING.
T  INDICATES TRACE AMOUNT.




$$
