000
CDUS44 KLCH 261420
CLILCH


CLIMATE REPORT
NATIONAL WEATHER SERVICE LAKE CHARLES, LA
920 AM CDT SAT MAY 26 2018


...................................

...THE LAKE CHARLES CLIMATE SUMMARY FOR MAY 25 2018...

CLIMATE NORMAL PERIOD 1981 TO 2010
CLIMATE RECORD PERIOD 1895 TO 2018


WEATHER ITEM   OBSERVED TIME   RECORD YEAR NORMAL DEPARTURE LAST
                VALUE   (LST)  VALUE       VALUE  FROM      YEAR
                                                  NORMAL
..................................................................
TEMPERATURE (F)
 YESTERDAY
  MAXIMUM         88   1146 AM  94    1941  87      1       83
  MINIMUM         76   1047 PM  51    1913  69      7       59
  AVERAGE         82                        78      4       71

PRECIPITATION (IN)
  YESTERDAY        0.08          2.71 1986   0.19  -0.11     0.00
  MONTH TO DATE    2.31                      4.05  -1.74     9.48
  SINCE MAR 1      8.10                     11.04  -2.94    16.95
  SINCE JAN 1     20.69                     19.73   0.96    23.90

SNOWFALL (IN)
  YESTERDAY        0.0           0.0    MM   0.0    0.0      0.0
  MONTH TO DATE    0.0                       0.0    0.0      0.0
  SINCE MAR 1      0.0                       0.0    0.0      0.0
  SINCE JUL 1      2.2                       0.1    2.1       T
  SNOW DEPTH       0

DEGREE DAYS
 HEATING
  YESTERDAY        0                         0      0        0
  MONTH TO DATE    0                         0      0        1
  SINCE MAR 1    143                       207    -64       85
  SINCE JUL 1   1299                      1489   -190      743

 COOLING
  YESTERDAY       17                        13      4        6
  MONTH TO DATE  348                       250     98      207
  SINCE MAR 1    535                       435    100      491
  SINCE JAN 1    637                       458    179      622
..................................................................


WIND (MPH)
  HIGHEST WIND SPEED    16   HIGHEST WIND DIRECTION    SE (150)
  HIGHEST GUST SPEED    22   HIGHEST GUST DIRECTION     E (90)
  AVERAGE WIND SPEED     4.9


SKY COVER
  POSSIBLE SUNSHINE  MM
  AVERAGE SKY COVER 0.3


WEATHER CONDITIONS
 THE FOLLOWING WEATHER WAS RECORDED YESTERDAY.
  THUNDERSTORM
  RAIN
  LIGHT RAIN
  FOG


RELATIVE HUMIDITY (PERCENT)
 HIGHEST    93           100 AM
 LOWEST     59           400 PM
 AVERAGE    76

..........................................................


THE LAKE CHARLES CLIMATE NORMALS FOR TODAY
                         NORMAL    RECORD    YEAR
 MAXIMUM TEMPERATURE (F)   87        96      2010
 MINIMUM TEMPERATURE (F)   69        50      1913
                                             1901


SUNRISE AND SUNSET
MAY 26 2018...........SUNRISE   614 AM CDT   SUNSET   806 PM CDT
MAY 27 2018...........SUNRISE   613 AM CDT   SUNSET   807 PM CDT


-  INDICATES NEGATIVE NUMBERS.
R  INDICATES RECORD WAS SET OR TIED.
MM INDICATES DATA IS MISSING.
T  INDICATES TRACE AMOUNT.




$$
