000
CDUS43 KARX 250638
CLILSE


CLIMATE REPORT
NATIONAL WEATHER SERVICE LA CROSSE WI
137 AM CDT FRI MAY 25 2018


...................................

...THE LA CROSSE WI CLIMATE SUMMARY FOR MAY 24 2018...

CLIMATE NORMAL PERIOD 1981 TO 2010
CLIMATE RECORD PERIOD 1873 TO 2018


WEATHER ITEM   OBSERVED TIME   RECORD YEAR NORMAL DEPARTURE LAST
                VALUE   (LST)  VALUE       VALUE  FROM      YEAR
                                                  NORMAL
..................................................................
TEMPERATURE (F)
 YESTERDAY
  MAXIMUM         89    309 PM  93    2010  73     16       62
                                      1928
  MINIMUM         65    437 AM  34    1925  51     14       52
  AVERAGE         77                        62     15       57

PRECIPITATION (IN)
  YESTERDAY        0.00          1.49 1874   0.11  -0.11      T
  MONTH TO DATE    5.93                      2.68   3.25     7.02
  SINCE MAR 1     10.05                      8.06   1.99    13.65
  SINCE JAN 1     12.65                     10.23   2.42    17.51

SNOWFALL (IN)
  YESTERDAY        0.0           0.0  2002   0.0    0.0      0.0
                                      2001
  MONTH TO DATE    0.0                       0.1   -0.1       T
  SINCE JUL 1     49.8                      43.4    6.4     42.2
  SNOW DEPTH       0

DEGREE DAYS
 HEATING
  YESTERDAY        0                         5     -5        8
  MONTH TO DATE   68                       177   -109      197
  SINCE JUL 1   6985                      7129   -144     5751

 COOLING
  YESTERDAY       12                         2     10        0
  MONTH TO DATE   55                        26     29       27
  SINCE JAN 1     58                        33     25       33
..................................................................


WIND (MPH)
  HIGHEST WIND SPEED    21   HIGHEST WIND DIRECTION     S (180)
  HIGHEST GUST SPEED    28   HIGHEST GUST DIRECTION     S (180)
  AVERAGE WIND SPEED    10.2


SKY COVER
  POSSIBLE SUNSHINE  MM
  AVERAGE SKY COVER 0.1


WEATHER CONDITIONS
 THE FOLLOWING WEATHER WAS RECORDED YESTERDAY.
  NO SIGNIFICANT WEATHER WAS OBSERVED.


RELATIVE HUMIDITY (PERCENT)
 HIGHEST    93           200 AM
 LOWEST     44           300 PM
 AVERAGE    69

..........................................................


THE LA CROSSE WI CLIMATE NORMALS FOR TODAY
                         NORMAL    RECORD    YEAR
 MAXIMUM TEMPERATURE (F)   73        91      1980
                                             1911
 MINIMUM TEMPERATURE (F)   51        34      1979
                                             1925


SUNRISE AND SUNSET
MAY 25 2018...........SUNRISE   530 AM CDT   SUNSET   834 PM CDT
MAY 26 2018...........SUNRISE   529 AM CDT   SUNSET   835 PM CDT


-  INDICATES NEGATIVE NUMBERS.
R  INDICATES RECORD WAS SET OR TIED.
MM INDICATES DATA IS MISSING.
T  INDICATES TRACE AMOUNT.




$$
