000
CDUS46 KHNX 200825
CLIMAE


CLIMATE REPORT
NATIONAL WEATHER SERVICE SAN JOAQUIN VALLEY, CA
124 AM PDT FRI APR 20 2018


...................................

...THE MADERA CA AIRPORT CLIMATE SUMMARY FOR APRIL 19 2018...

CLIMATE NORMAL PERIOD 1981 TO 2010
CLIMATE RECORD PERIOD 1998 TO 2018


WEATHER ITEM   OBSERVED TIME   RECORD YEAR NORMAL DEPARTURE
                VALUE   (LST)  VALUE       VALUE  FROM
                                                  NORMAL
...............................................................
TEMPERATURE (F)
 YESTERDAY
  MAXIMUM         70    306 PM  92    2009  75     -5
  MINIMUM         40    517 AM  32    2002  46     -6
  AVERAGE         55                        60     -5

PRECIPITATION (IN)
  YESTERDAY        0.00          0.30 2001   0.03  -0.03
  MONTH TO DATE    0.71                      0.61   0.10
  SINCE OCT 1      7.22                     10.72  -3.50
  SINCE JAN 1      6.81                      6.99  -0.18

SNOWFALL (IN)
  YESTERDAY        0.0
  MONTH TO DATE    0.0
  SINCE MAR 1      0.0
  SINCE JUL 1      0.0
  SNOW DEPTH       0

DEGREE DAYS
 HEATING
  YESTERDAY       10
  MONTH TO DATE  103
  SINCE MAR 1    408
  SINCE JUL 1   2105

 COOLING
  YESTERDAY        0
  MONTH TO DATE    4
  SINCE MAR 1      6
  SINCE JAN 1      6
...............................................................


WIND (MPH)
  HIGHEST WIND SPEED    23   HIGHEST WIND DIRECTION     N (340)
  HIGHEST GUST SPEED    34   HIGHEST GUST DIRECTION    NW (320)
  AVERAGE WIND SPEED    10.3




RELATIVE HUMIDITY (PERCENT)
 HIGHEST    93
 LOWEST     28
 AVERAGE    61

..........................................................


THE MADERA CA AIRPORT CLIMATE NORMALS FOR TODAY
                         NORMAL    RECORD    YEAR
 MAXIMUM TEMPERATURE (F)   76        96      2009
 MINIMUM TEMPERATURE (F)   46        36      2008


SUNRISE AND SUNSET
APRIL 20 2018.........SUNRISE   619 AM PDT   SUNSET   740 PM PDT
APRIL 21 2018.........SUNRISE   618 AM PDT   SUNSET   741 PM PDT


-  INDICATES NEGATIVE NUMBERS.
R  INDICATES RECORD WAS SET OR TIED.
MM INDICATES DATA IS MISSING.
T  INDICATES TRACE AMOUNT.




$$
