000
CDUS44 KMAF 250732
CLIMAF


CLIMATE REPORT
NATIONAL WEATHER SERVICE MIDLAND TX
231 AM CDT FRI MAY 25 2018


...................................

...THE MIDLAND CLIMATE SUMMARY FOR MAY 24 2018...

CLIMATE NORMAL PERIOD 1981 TO 2010
CLIMATE RECORD PERIOD 1930 TO 2018


WEATHER ITEM   OBSERVED TIME   RECORD YEAR NORMAL DEPARTURE LAST
                VALUE   (LST)  VALUE       VALUE  FROM      YEAR
                                                  NORMAL
..................................................................
TEMPERATURE (F)
 YESTERDAY
  MAXIMUM         93        MM 108    2000  90      3       89
                                      1989
  MINIMUM         66        MM  48    1940  62      4       50
  AVERAGE         80                        76      4       70

PRECIPITATION (IN)
  YESTERDAY        0.00          1.86 2003   0.07  -0.07     0.00
  MONTH TO DATE    0.68                      1.22  -0.54     0.58
  SINCE MAR 1      0.79                      2.47  -1.68     3.54
  SINCE JAN 1      0.84                      3.74  -2.90     5.38

DEGREE DAYS
 COOLING
  YESTERDAY       15                        11      4        5
  MONTH TO DATE  367                       198    169      186
  SINCE MAR 1    527                       304    223      445
  SINCE JAN 1    534                       306    228      462
..................................................................


WIND (MPH)
  HIGHEST WIND SPEED    16   HIGHEST WIND DIRECTION     S (200)
  HIGHEST GUST SPEED    23   HIGHEST GUST DIRECTION     S (160)
  AVERAGE WIND SPEED     9.9


SKY COVER
  POSSIBLE SUNSHINE  MM
  AVERAGE SKY COVER 0.2


WEATHER CONDITIONS
 THE FOLLOWING WEATHER WAS RECORDED YESTERDAY.
  NO SIGNIFICANT WEATHER WAS OBSERVED.


RELATIVE HUMIDITY (PERCENT)
 HIGHEST    81           600 AM
 LOWEST     28           500 PM
 AVERAGE    55

..........................................................


THE MIDLAND CLIMATE NORMALS FOR TODAY
                         NORMAL    RECORD    YEAR
 MAXIMUM TEMPERATURE (F)   90       105      1990
 MINIMUM TEMPERATURE (F)   62        50      1954


SUNRISE AND SUNSET
MAY 25 2018...........SUNRISE   646 AM CDT   SUNSET   846 PM CDT
MAY 26 2018...........SUNRISE   646 AM CDT   SUNSET   846 PM CDT


-  INDICATES NEGATIVE NUMBERS.
R  INDICATES RECORD WAS SET OR TIED.
MM INDICATES DATA IS MISSING.
T  INDICATES TRACE AMOUNT.




$$
