000
CDUS42 KTAE 190633
CLIMAI


CLIMATE REPORT
NATIONAL WEATHER SERVICE TALLAHASSEE FL
233 AM EDT THU APR 19 2018


...................................

...THE MARIANNA CLIMATE SUMMARY FOR APRIL 18 2018...

CLIMATE NORMAL PERIOD 1981 TO 2010
CLIMATE RECORD PERIOD 1950 TO 2018


WEATHER ITEM   OBSERVED NORMAL DEPARTURE LAST
                VALUE   VALUE  FROM      YEAR
                               NORMAL
...............................................
TEMPERATURE (F)
 YESTERDAY
  MAXIMUM         87     80      7       88
  MINIMUM         51     54     -3       59
  AVERAGE         69     67      2       74

PRECIPITATION (IN)
  YESTERDAY        0.00   0.12  -0.12     0.00
  MONTH TO DATE    0.49   2.74  -2.25     1.94
  SINCE MAR 1      4.57   8.28  -3.71     4.02
  SINCE JAN 1     18.71  18.26   0.45    14.42

DEGREE DAYS
 HEATING
  YESTERDAY        0            -2
  MONTH TO DATE   40           -11
  SINCE MAR 1    224            -7
  SINCE JUL 1   1363          -273

 COOLING
  YESTERDAY        4             0
  MONTH TO DATE   32           -20
  SINCE MAR 1     78            -6
  SINCE JAN 1    186            87
...............................................


WIND (MPH)
  HIGHEST WIND SPEED    23   HIGHEST WIND DIRECTION    SW (220)
  HIGHEST GUST SPEED    29   HIGHEST GUST DIRECTION    SW (210)
  AVERAGE WIND SPEED     9.3




RELATIVE HUMIDITY (PERCENT)
 HIGHEST    93
 LOWEST     32
 AVERAGE    63

..........................................................




SUNRISE AND SUNSET
APRIL 19 2018.........SUNRISE   609 AM CDT   SUNSET   711 PM CDT
APRIL 20 2018.........SUNRISE   608 AM CDT   SUNSET   712 PM CDT


-  INDICATES NEGATIVE NUMBERS.
R  INDICATES RECORD WAS SET OR TIED.
MM INDICATES DATA IS MISSING.
T  INDICATES TRACE AMOUNT.




$$
