000
CDUS46 KHNX 190826
CLIMCE


CLIMATE REPORT
NATIONAL WEATHER SERVICE SAN JOAQUIN VALLEY, CA
126 AM PDT THU APR 19 2018


...................................

...THE MERCED  CA CLIMATE SUMMARY FOR APRIL 18 2018...

CLIMATE NORMAL PERIOD 1981 TO 2010
CLIMATE RECORD PERIOD 1998 TO 2018


WEATHER ITEM   OBSERVED TIME   RECORD YEAR NORMAL DEPARTURE
                VALUE   (LST)  VALUE       VALUE  FROM
                                                  NORMAL
...............................................................
TEMPERATURE (F)
 YESTERDAY
  MAXIMUM         63    254 PM  88    2016  74    -11
  MINIMUM         41    355 AM  36    2002  45     -4
  AVERAGE         52                        60     -8

PRECIPITATION (IN)
  YESTERDAY        0.00          0.33 2017   0.03  -0.03
  MONTH TO DATE    1.25                      0.59   0.66
  SINCE OCT 1      6.91                     11.12  -4.21
  SINCE JAN 1      5.80                      7.61  -1.81

SNOWFALL (IN)
  YESTERDAY        0.0
  MONTH TO DATE    0.0
  SINCE MAR 1      0.0
  SINCE JUL 1      0.0
  SNOW DEPTH       0

DEGREE DAYS
 HEATING
  YESTERDAY       13
  MONTH TO DATE  111
  SINCE MAR 1    456
  SINCE JUL 1   2246

 COOLING
  YESTERDAY        0
  MONTH TO DATE    2
  SINCE MAR 1      2
  SINCE JAN 1      2
...............................................................


WIND (MPH)
  HIGHEST WIND SPEED    13   HIGHEST WIND DIRECTION    NW (330)
  HIGHEST GUST SPEED    15   HIGHEST GUST DIRECTION    NW (330)
  AVERAGE WIND SPEED     4.1




RELATIVE HUMIDITY (PERCENT)
 HIGHEST   100
 LOWEST     43
 AVERAGE    72

..........................................................


THE MERCED  CA CLIMATE NORMALS FOR TODAY
                         NORMAL    RECORD    YEAR
 MAXIMUM TEMPERATURE (F)   74        92      2009
 MINIMUM TEMPERATURE (F)   46        35      2007


SUNRISE AND SUNSET
APRIL 19 2018.........SUNRISE   622 AM PDT   SUNSET   741 PM PDT
APRIL 20 2018.........SUNRISE   621 AM PDT   SUNSET   742 PM PDT


-  INDICATES NEGATIVE NUMBERS.
R  INDICATES RECORD WAS SET OR TIED.
MM INDICATES DATA IS MISSING.
T  INDICATES TRACE AMOUNT.




$$
