000
CDAK49 PAFG 220943
CLIMCG

CLIMATE REPORT
NATIONAL WEATHER SERVICE FAIRBANKS AK
143 AM AKDT TUE MAY 22 2018


...................................

...THE MCGRATH AK CLIMATE SUMMARY FOR MAY 21 2018...

CLIMATE NORMAL PERIOD 1981 TO 2010
CLIMATE RECORD PERIOD 1946 TO 2018


WEATHER ITEM   OBSERVED TIME   RECORD YEAR NORMAL DEPARTURE LAST
                VALUE   (LST)  VALUE       VALUE  FROM      YEAR
                                                  NORMAL
..................................................................
TEMPERATURE (F)
 YESTERDAY
  MAXIMUM         65   1140 AM  81    2002  60      5       62
  MINIMUM         39    521 AM  24    1986  38      1       35
  AVERAGE         52                        49      3       49

PRECIPITATION (IN)
  YESTERDAY        0.00          0.68 1953   0.04  -0.04      T
  MONTH TO DATE    0.15                      0.69  -0.54     0.14
  SINCE MAR 1      2.75                      2.24   0.51     0.52
  SINCE JAN 1      4.43                      4.27   0.16     1.72

SNOWFALL (IN)
  YESTERDAY        0.0           0.6  1964   0.0    0.0      0.0
  MONTH TO DATE    T                         0.8   -0.8      0.0
  SINCE MAR 1     21.0                      17.2    3.8      2.6
  SINCE JUL 1     83.5                      97.2  -13.7     51.3
  SNOW DEPTH       0

DEGREE DAYS
 HEATING
  YESTERDAY       13                        16     -3       16
  MONTH TO DATE  423                       425     -2      318
  SINCE MAR 1   2818                      3139   -321     3091
  SINCE JUL 1  11320                     13371  -2051    12849

 COOLING
  YESTERDAY        0                         0      0        0
  MONTH TO DATE    0                         0      0        0
  SINCE MAR 1      0                         0      0        0
  SINCE JAN 1      0                         0      0        0
..................................................................


WIND (MPH)
  HIGHEST GUST SPEED    20   HIGHEST GUST DIRECTION     N (20)


SKY COVER
  AVERAGE SKY COVER 0.3


WEATHER CONDITIONS
 THE FOLLOWING WEATHER WAS RECORDED YESTERDAY.
  NO SIGNIFICANT WEATHER WAS OBSERVED.


RELATIVE HUMIDITY (PERCENT)
 HIGHEST    92
 LOWEST     36
 AVERAGE    64

..........................................................


THE MCGRATH AK CLIMATE NORMALS FOR TODAY
                         NORMAL    RECORD    YEAR
 MAXIMUM TEMPERATURE (F)   60        78      2002
 MINIMUM TEMPERATURE (F)   38        28      1950


SUNRISE AND SUNSET
MAY 22 2018...........SUNRISE   500 AM AKDT  SUNSET  1141 PM AKDT
MAY 23 2018...........SUNRISE   458 AM AKDT  SUNSET  1144 PM AKDT

-  INDICATES NEGATIVE NUMBERS.
R  INDICATES RECORD WAS SET OR TIED.
MM INDICATES DATA IS MISSING.
T  INDICATES TRACE AMOUNT.

&&

SNOW DEPTH IS MEASURED AT 3AM AKST/4AM AKDT.

----------------------------
AVAILABLE DAYLIGHT

AMOUNT OF DAYLIGHT TODAY  (HOUR:MIN)........18:41
GAIN/LOSS SINCE YESTERDAY (HOUR:MIN:SEC)....+0:05:26

$$
THR MAY 18
