000
CDUS43 KEAX 270037
CLIMCI

CLIMATE REPORT
NATIONAL WEATHER SERVICE KANSAS CITY/PLEASANT HILL MO
735 PM CDT THU APR 26 2018


...................................

...THE KANSAS CITY INTERNATIONAL MO CLIMATE SUMMARY FOR APRIL 26 2018...
VALID TODAY AS OF 0700 PM LOCAL TIME.

CLIMATE NORMAL PERIOD 1981 TO 2010
CLIMATE RECORD PERIOD 1888 TO 2018


WEATHER ITEM   OBSERVED TIME   RECORD YEAR NORMAL DEPARTURE LAST
                VALUE   (LST)  VALUE       VALUE  FROM      YEAR
                                                  NORMAL
..................................................................
TEMPERATURE (F)
 TODAY
  MAXIMUM         69    359 PM  92    1989  69      0       50
  MINIMUM         36    518 AM  34    2008  48    -12       41
                                      1907
  AVERAGE         53                        58     -5       46

PRECIPITATION (IN)
  TODAY            0.00          3.65 2016   0.14  -0.14     0.01
  MONTH TO DATE    1.04                      3.08  -2.04     4.40
  SINCE MAR 1      2.69                      5.45  -2.76     7.21
  SINCE JAN 1      5.14                      7.98  -2.84     8.66

SNOWFALL (IN)
  TODAY            0.0           0.0    MM   0.0    0.0      0.0
  MONTH TO DATE    1.9                       0.6    1.3      0.0
  SINCE MAR 1      1.9                       2.6   -0.7      0.4
  SINCE JUL 1      7.7                      18.8  -11.1      4.9
  SNOW DEPTH       0

DEGREE DAYS
 HEATING
  TODAY           12                         8      4       19
  MONTH TO DATE  510                       301    209      199
  SINCE MAR 1   1165                       947    218      724
  SINCE JUL 1   5092                      4992    100     3978

 COOLING
  TODAY            0                         1     -1        0
  MONTH TO DATE    6                        20    -14       27
  SINCE MAR 1      6                        23    -17       33
  SINCE JAN 1      6                        23    -17       33
..................................................................


WIND (MPH)
  HIGHEST WIND SPEED    15   HIGHEST WIND DIRECTION     W (280)
  HIGHEST GUST SPEED    21   HIGHEST GUST DIRECTION     W (280)
  AVERAGE WIND SPEED     5.9


SKY COVER
  POSSIBLE SUNSHINE  MM
  AVERAGE SKY COVER 0.6


WEATHER CONDITIONS
 THE FOLLOWING WEATHER WAS RECORDED TODAY.
  FOG
  HAZE


RELATIVE HUMIDITY (PERCENT)
 HIGHEST   100           100 AM
 LOWEST     37           600 PM
 AVERAGE    69

..........................................................


THE KANSAS CITY INTERNATIONAL MO CLIMATE NORMALS FOR TOMORROW
                         NORMAL    RECORD    YEAR
 MAXIMUM TEMPERATURE (F)   69        90      1989
                                             1970
 MINIMUM TEMPERATURE (F)   48        32      1988
                                             1967


SUNRISE AND SUNSET
APRIL 26 2018.........SUNRISE   627 AM CDT   SUNSET   807 PM CDT
APRIL 27 2018.........SUNRISE   625 AM CDT   SUNSET   808 PM CDT


-  INDICATES NEGATIVE NUMBERS.
R  INDICATES RECORD WAS SET OR TIED.
MM INDICATES DATA IS MISSING.
T  INDICATES TRACE AMOUNT.


&&

...MISCELLANEOUS CLIMATE DATA FROM TODAY...

LOCATION                HIGH    LOW      PRECIP
ST. JOSEPH               71      31       0.00
DOWNTOWN KANSAS CITY     69      40       0.00
OLATHE NEW CENTURY       68      39       0.00
OLATHE JO CO EXEC        66      38       0.00
LEES SUMMIT              68      40       0.00
KIRKSVILLE               70      34       0.00
CHILLICOTHE              71      33       0.00
SEDALIA                  69      43       0.00
NWS PLEASANT HILL MO     68      40       0.00


THIS PRODUCT...ALONG WITH OTHER WEATHER...HYDROLOGICAL AND CLIMATE
INFORMATION...IS AVAILABLE ON THE WEB AT HTTP://WWW.WEATHER.GOV/EAX
OR AT HTTP://WEATHER.GOV

$$
