000
CDUS42 KFFC 232042
CLIMCN


CLIMATE REPORT
NATIONAL WEATHER SERVICE PEACHTREE CITY GA
442 PM EDT MON APR 23 2018


...................................

...THE MACON CLIMATE SUMMARY FOR APRIL 23 2018...
VALID TODAY AS OF 0400 PM LOCAL TIME.

CLIMATE NORMAL PERIOD 1981 TO 2010
CLIMATE RECORD PERIOD 1899 TO 2018


WEATHER ITEM   OBSERVED TIME   RECORD YEAR NORMAL DEPARTURE LAST
                VALUE   (LST)  VALUE       VALUE  FROM      YEAR
                                                  NORMAL
..................................................................
TEMPERATURE (F)
 TODAY
  MAXIMUM         80    323 PM  94    1970  79      1       83
  MINIMUM         61   1208 AM  34    1993  52      9       59
                                      1986
  AVERAGE         71                        65      6       71

PRECIPITATION (IN)
  TODAY            0.86          2.08 1945   0.08   0.78     0.70
  MONTH TO DATE    3.53                      2.38   1.15     2.19
  SINCE MAR 1      6.18                      6.93  -0.75     3.64
  SINCE JAN 1     11.81                     15.53  -3.72    16.84

SNOWFALL (IN)
  TODAY            0.0           0.0  2002   0.0    0.0      0.0
                                      2001
                                      2000
  MONTH TO DATE    0.0                       0.0    0.0      0.0
  SINCE MAR 1      0.0                       0.2   -0.2      0.0
  SINCE JUL 1      1.0                       0.7    0.3      0.0
  SNOW DEPTH       0

DEGREE DAYS
 HEATING
  TODAY            0                         3     -3        0
  MONTH TO DATE  114                        98     16       37
  SINCE MAR 1    410                       370     40      274
  SINCE JUL 1   2061                      2295   -234     1461

 COOLING
  TODAY            6                         3      3        6
  MONTH TO DATE   23                        40    -17       91
  SINCE MAR 1     43                        58    -15      144
  SINCE JAN 1     94                        61     33      155
..................................................................


WIND (MPH)
  RESULTANT WIND SPEED  10   RESULTANT WIND DIRECTION  SE (140)
  HIGHEST WIND SPEED    24   HIGHEST WIND DIRECTION    SE (120)
  HIGHEST GUST SPEED    32   HIGHEST GUST DIRECTION    SE (120)
  AVERAGE WIND SPEED    11.2


SKY COVER
  AVERAGE SKY COVER 0.9


WEATHER CONDITIONS
 THE FOLLOWING WEATHER WAS RECORDED TODAY.
  HEAVY RAIN
  RAIN
  LIGHT RAIN
  FOG


RELATIVE HUMIDITY (PERCENT)
 HIGHEST   100           600 AM
 LOWEST     58           200 PM
 AVERAGE    79

..........................................................


THE MACON CLIMATE NORMALS FOR TOMORROW
                         NORMAL    RECORD    YEAR
 MAXIMUM TEMPERATURE (F)   79        94      1925
 MINIMUM TEMPERATURE (F)   52        34      1986


SUNRISE AND SUNSET
APRIL 23 2018.........SUNRISE   656 AM EDT   SUNSET   810 PM EDT
APRIL 24 2018.........SUNRISE   655 AM EDT   SUNSET   811 PM EDT


-  INDICATES NEGATIVE NUMBERS.
R  INDICATES RECORD WAS SET OR TIED.
MM INDICATES DATA IS MISSING.
T  INDICATES TRACE AMOUNT.




$$
