000
CDUS42 KMLB 252015
CLIMCO


CLIMATE REPORT
NATIONAL WEATHER SERVICE MELBOURNE FL
415 PM EDT WED APR 25 2018


...................................

...THE ORLANDO  CLIMATE SUMMARY FOR APRIL 25 2018...
VALID TODAY AS OF 0400 PM LOCAL TIME.

CLIMATE NORMAL PERIOD 1981 TO 2010
CLIMATE RECORD PERIOD 1892 TO 2018


WEATHER ITEM   OBSERVED TIME   RECORD YEAR NORMAL DEPARTURE LAST
                VALUE   (LST)  VALUE       VALUE  FROM      YEAR
                                                  NORMAL
..................................................................
TEMPERATURE (F)
 TODAY
  MAXIMUM         84    250 PM  97    1908  84      0       84
  MINIMUM         59    448 AM  44    2012  62     -3       54
  AVERAGE         72                        73     -1       69

PRECIPITATION (IN)
  TODAY            0.00          2.74 1918   0.08  -0.08     0.00
  MONTH TO DATE    2.14                      2.32  -0.18      T
  SINCE MAR 1      2.97                      6.09  -3.12     0.10
  SINCE JAN 1      5.43                     10.82  -5.39     3.03

SNOWFALL (IN)
  TODAY            0.0
  MONTH TO DATE    0.0
  SINCE MAR 1      0.0
  SINCE JUL 1      0.0

DEGREE DAYS
 HEATING
  TODAY            0                         0      0        0
  MONTH TO DATE    0                        11    -11        3
  SINCE MAR 1     83                        70     13       40
  SINCE JUL 1    467                       569   -102      209

 COOLING
  TODAY            7                         8     -1        4
  MONTH TO DATE  207                       157     50      223
  SINCE MAR 1    300                       275     25      386
  SINCE JAN 1    547                       379    168      587
..................................................................


WIND (MPH)
  HIGHEST WIND SPEED    23   HIGHEST WIND DIRECTION     W (270)
  HIGHEST GUST SPEED    28   HIGHEST GUST DIRECTION     W (280)
  AVERAGE WIND SPEED     9.1


SKY COVER
  AVERAGE SKY COVER 0.3


WEATHER CONDITIONS
 THE FOLLOWING WEATHER WAS RECORDED TODAY.
  NO SIGNIFICANT WEATHER WAS OBSERVED.


RELATIVE HUMIDITY (PERCENT)
 HIGHEST    97           600 AM
 LOWEST     37           300 PM
 AVERAGE    67

..........................................................


THE ORLANDO  CLIMATE NORMALS FOR TOMORROW
                         NORMAL    RECORD    YEAR
 MAXIMUM TEMPERATURE (F)   84        98      1908
 MINIMUM TEMPERATURE (F)   62        47      1910


SUNRISE AND SUNSET
APRIL 25 2018.........SUNRISE   650 AM EDT   SUNSET   757 PM EDT
APRIL 26 2018.........SUNRISE   649 AM EDT   SUNSET   757 PM EDT


-  INDICATES NEGATIVE NUMBERS.
R  INDICATES RECORD WAS SET OR TIED.
MM INDICATES DATA IS MISSING.
T  INDICATES TRACE AMOUNT.




$$
