354
CDUS43 KLOT 240633
CLIMDW


CLIMATE REPORT
NATIONAL WEATHER SERVICE CHICAGO IL
132 AM CDT TUE APR 24 2018


...................................

...THE CHICAGO-MIDWAY CLIMATE SUMMARY FOR APRIL 23 2018...

CLIMATE NORMAL PERIOD 1981 TO 2010
CLIMATE RECORD PERIOD 1928 TO 2018


WEATHER ITEM   OBSERVED TIME   RECORD YEAR NORMAL DEPARTURE LAST
                VALUE   (LST)  VALUE       VALUE  FROM      YEAR
                                                  NORMAL
..................................................................
TEMPERATURE (F)
 YESTERDAY
  MAXIMUM         64    139 PM  88    1960  62      2       69
  MINIMUM         43   1237 AM  28    1936  44     -1       39
  AVERAGE         54                        53      1       54

PRECIPITATION (IN)
  YESTERDAY        T             0.83 1944   0.12  -0.12     0.00
  MONTH TO DATE    1.40                      2.76  -1.36     2.97
  SINCE MAR 1      2.75                      5.48  -2.73     7.14
  SINCE JAN 1      8.04                      9.48  -1.44    12.25

DEGREE DAYS
 HEATING
  YESTERDAY       11                        12     -1       11
  MONTH TO DATE  572                       373    199      253
  SINCE MAR 1   1412                      1185    227     1027
  SINCE JUL 1   5703                      5696      7     4673

 COOLING
  YESTERDAY        0                         1     -1        0
  MONTH TO DATE    0                         5     -5       11
  SINCE MAR 1      0                         6     -6       11
  SINCE JAN 1      0                         6     -6       11
..................................................................


WIND (MPH)
  RESULTANT WIND SPEED  10   RESULTANT WIND DIRECTION  NE (40)
  HIGHEST WIND SPEED    17   HIGHEST WIND DIRECTION    NE (40)
  HIGHEST GUST SPEED    21   HIGHEST GUST DIRECTION    NE (30)
  AVERAGE WIND SPEED     9.4



WEATHER CONDITIONS
 THE FOLLOWING WEATHER WAS RECORDED YESTERDAY.
  LIGHT RAIN


..........................................................


THE CHICAGO-MIDWAY CLIMATE NORMALS FOR TODAY
                         NORMAL    RECORD    YEAR
 MAXIMUM TEMPERATURE (F)   63        89      1990
 MINIMUM TEMPERATURE (F)   45        29      1930


SUNRISE AND SUNSET
APRIL 24 2018.........SUNRISE   557 AM CDT   SUNSET   742 PM CDT
APRIL 25 2018.........SUNRISE   556 AM CDT   SUNSET   743 PM CDT


-  INDICATES NEGATIVE NUMBERS.
R  INDICATES RECORD WAS SET OR TIED.
MM INDICATES DATA IS MISSING.
T  INDICATES TRACE AMOUNT.




$$
