075
CDUS44 KMEG 240644
CLIMEG


CLIMATE REPORT
NATIONAL WEATHER SERVICE MEMPHIS TN
143 AM CDT THU MAY 24 2018


...................................

...THE MEMPHIS/GERMANTOWN WFO CLIMATE SUMMARY FOR MAY 23 2018...

CLIMATE NORMAL PERIOD 1981 TO 2010
CLIMATE RECORD PERIOD 1988 TO 2018


WEATHER ITEM   OBSERVED TIME   RECORD YEAR NORMAL DEPARTURE LAST
                VALUE   (LST)  VALUE       VALUE  FROM      YEAR
                                                  NORMAL
..................................................................
TEMPERATURE (F)
 YESTERDAY
  MAXIMUM         88    301 PM  94    2010  82      6       80
  MINIMUM         67    448 AM  47    1990  61      6       61
  AVERAGE         78                        72      6       71

PRECIPITATION (IN)
  YESTERDAY        0.00          0.72 1989   0.15  -0.15     0.08
  MONTH TO DATE    3.08                      4.38  -1.30     2.28
  SINCE MAR 1     17.31                     14.65   2.66    12.57
  SINCE JAN 1     36.13                     23.28  12.85    17.78

SNOWFALL (IN)
  YESTERDAY        0.0          MM      MM                   0.0
  MONTH TO DATE    0.0                                       0.0
  SINCE MAR 1      0.0                                       0.4
  SINCE JUL 1      3.8                                       1.4
  SNOW DEPTH       0

DEGREE DAYS
 HEATING
  YESTERDAY        0                         1     -1        0
  MONTH TO DATE    0                        37    -37       25
  SINCE MAR 1    659                       664     -5      394
  SINCE JUL 1   3213                      3410   -197     2235

 COOLING
  YESTERDAY       13                         7      6        6
  MONTH TO DATE  249                       117    132      122
  SINCE MAR 1    265                       182     83      268
  SINCE JAN 1    278                       183     95      282
..................................................................



THE MEMPHIS/GERMANTOWN WFO CLIMATE NORMALS FOR TODAY
                         NORMAL    RECORD    YEAR
 MAXIMUM TEMPERATURE (F)   83        93      2006
 MINIMUM TEMPERATURE (F)   62        48      1990


SUNRISE AND SUNSET
MAY 24 2018...........SUNRISE   550 AM CDT   SUNSET   803 PM CDT
MAY 25 2018...........SUNRISE   549 AM CDT   SUNSET   804 PM CDT


-  INDICATES NEGATIVE NUMBERS.
R  INDICATES RECORD WAS SET OR TIED.
MM INDICATES DATA IS MISSING.
T  INDICATES TRACE AMOUNT.


$$
