000
CDUS43 KTOP 232134
CLIMHK


CLIMATE REPORT
NATIONAL WEATHER SERVICE TOPEKA KS
433 PM CDT MON APR 23 2018


...................................

...THE MANHATTAN KS CLIMATE SUMMARY FOR APRIL 23 2018...
VALID TODAY AS OF 430 PM LOCAL TIME.

CLIMATE NORMAL PERIOD 1981 TO 2010
CLIMATE RECORD PERIOD 9999 TO 9999


WEATHER ITEM   OBSERVED NORMAL DEPARTURE LAST
                VALUE   VALUE  FROM      YEAR
                               NORMAL
...............................................
TEMPERATURE (F)
 TODAY
  MAXIMUM         75     69      6       71
  MINIMUM         39     44     -5       31
  AVERAGE         57     56      1       51

PRECIPITATION (IN)
  TODAY            0.00   0.10  -0.10     0.00
  MONTH TO DATE    T      1.90  -1.90     3.15
  SINCE MAR 1      0.33   4.10  -3.77     7.22
  SINCE JAN 1      0.91   5.82  -4.91     9.02

DEGREE DAYS
 HEATING
  TODAY            8      9     -1       14
  MONTH TO DATE  451    289    162      187
  SINCE MAR 1   1030    965     65      696
  SINCE JUL 1   4833   5125   -292     3980

 COOLING
  TODAY            0      1     -1        0
  MONTH TO DATE    3     12     -9       38
  SINCE MAR 1      3     14    -11       44
  SINCE JAN 1      3     14    -11       44
...............................................


WIND (MPH)
  HIGHEST WIND SPEED    14   HIGHEST WIND DIRECTION     E (70)
  HIGHEST GUST SPEED    19   HIGHEST GUST DIRECTION     E (70)
  AVERAGE WIND SPEED     4.3



WEATHER CONDITIONS
 THE FOLLOWING WEATHER WAS RECORDED TODAY.
  NO SIGNIFICANT WEATHER WAS OBSERVED.


RELATIVE HUMIDITY (PERCENT)
 HIGHEST    89
 LOWEST     22
 AVERAGE    56

..........................................................


THE MANHATTAN KS CLIMATE NORMALS FOR TOMORROW
                         NORMAL
 MAXIMUM TEMPERATURE (F)   69
 MINIMUM TEMPERATURE (F)   44


SUNRISE AND SUNSET
APRIL 23 2018.........SUNRISE   639 AM CDT   SUNSET   812 PM CDT
APRIL 24 2018.........SUNRISE   637 AM CDT   SUNSET   813 PM CDT


-  INDICATES NEGATIVE NUMBERS.
R  INDICATES RECORD WAS SET OR TIED.
MM INDICATES DATA IS MISSING.
T  INDICATES TRACE AMOUNT.




$$
