000
CDUS46 KMFR 220838
CLIMHS


CLIMATE REPORT
NATIONAL WEATHER SERVICE MEDFORD, OR
138 AM PDT SUN APR 22 2018


...................................

...THE MT SHASTA CITY CA CLIMATE SUMMARY FOR APRIL 21 2018...

CLIMATE NORMAL PERIOD 1981 TO 2010
CLIMATE RECORD PERIOD 1908 TO 2018


WEATHER ITEM   OBSERVED TIME   RECORD YEAR NORMAL DEPARTURE LAST
                VALUE   (LST)  VALUE       VALUE  FROM      YEAR
                                                  NORMAL
..................................................................
TEMPERATURE (F)
 YESTERDAY
  MAXIMUM         72    218 PM  87    2009  62     10       69
  MINIMUM         46    612 AM  21    1967  34     12       30
  AVERAGE         59                        48     11       50

PRECIPITATION (IN)
  YESTERDAY        0.00          1.27 1961   0.10  -0.10     0.00
  MONTH TO DATE    2.15                      2.18  -0.03     8.41
  SINCE OCT 1     18.10                     37.64 -19.54    57.87
  SINCE JAN 1     12.27                     22.43 -10.16    36.71

SNOWFALL (IN)
  YESTERDAY       MM                         0.1   MM       MM
  MONTH TO DATE   MM                         4.7   MM       MM
  SINCE JUL 1     MM                        90.8   MM       MM
  SNOW DEPTH      MM

DEGREE DAYS
 HEATING
  YESTERDAY        6                        17    -11       15
  MONTH TO DATE  389                       395     -6      418
  SINCE MAR 1   1165                      1099     66     1047
  SINCE JUL 1   4763                      5074   -311     4944

 COOLING
  YESTERDAY        0                         0      0        0
  MONTH TO DATE    0                         0      0        0
  SINCE MAR 1      0                         0      0        0
  SINCE JAN 1      0                         0      0        0
..................................................................


WIND (MPH)
  HIGHEST WIND SPEED    10   HIGHEST WIND DIRECTION    NW (300)
  HIGHEST GUST SPEED    17   HIGHEST GUST DIRECTION    NW (310)
  AVERAGE WIND SPEED     5.0


SKY COVER
  POSSIBLE SUNSHINE  MM
  AVERAGE SKY COVER 0.0


WEATHER CONDITIONS
 THE FOLLOWING WEATHER WAS RECORDED YESTERDAY.
  NO SIGNIFICANT WEATHER WAS OBSERVED.


RELATIVE HUMIDITY (PERCENT)
 HIGHEST    65           100 AM
 LOWEST     18           200 PM

..........................................................


THE MT SHASTA CITY CA CLIMATE NORMALS FOR TODAY
                         NORMAL    RECORD    YEAR
 MAXIMUM TEMPERATURE (F)   62        81      2012
                                             2009
 MINIMUM TEMPERATURE (F)   34        23      1961


SUNRISE AND SUNSET
APRIL 22 2018.........SUNRISE   619 AM PDT   SUNSET   757 PM PDT
APRIL 23 2018.........SUNRISE   618 AM PDT   SUNSET   758 PM PDT


-  INDICATES NEGATIVE NUMBERS.
R  INDICATES RECORD WAS SET OR TIED.
MM INDICATES DATA IS MISSING.
T  INDICATES TRACE AMOUNT.




$$
