000
CDUS43 KMKX 262140
CLIMKE


CLIMATE REPORT
NATIONAL WEATHER SERVICE IN MILWAUKEE
440 PM CDT SAT MAY 26 2018


...................................

...THE MILWAUKEE WI CLIMATE SUMMARY FOR MAY 26 2018...
VALID TODAY AS OF 0400 PM LOCAL TIME.

CLIMATE NORMAL PERIOD 1981 TO 2010
CLIMATE RECORD PERIOD 1871 TO 2018


WEATHER ITEM   OBSERVED TIME   RECORD YEAR NORMAL DEPARTURE LAST
                VALUE   (LST)  VALUE       VALUE  FROM      YEAR
                                                  NORMAL
..................................................................
TEMPERATURE (F)
 TODAY
  MAXIMUM         86   1135 AM  91    1985  68     18       62
  MINIMUM         68    419 AM  31    1961  50     18       50
  AVERAGE         77                        59     18       56

PRECIPITATION (IN)
  TODAY            0.00          1.35 1926   0.11  -0.11     0.09
  MONTH TO DATE    6.29                      2.82   3.47     2.21
  SINCE MAR 1     10.06                      8.65   1.41    12.16
  SINCE JAN 1     14.88                     12.06   2.82    16.17

SNOWFALL (IN)
  TODAY            0.0           0.0    MM   0.0    0.0      0.0
  MONTH TO DATE    0.0                       0.1   -0.1      0.0
  SINCE MAR 1     14.0                       9.1    4.9     13.6
  SINCE JUL 1     46.7                      46.9   -0.2     37.6
  SNOW DEPTH       0

DEGREE DAYS
 HEATING
  TODAY            0                         7     -7        9
  MONTH TO DATE  187                       281    -94      308
  SINCE MAR 1   1887                      1798     89     1613
  SINCE JUL 1   6499                      6778   -279     5612

 COOLING
  TODAY           12                         1     11        0
  MONTH TO DATE   51                        16     35       15
  SINCE MAR 1     51                        21     30       18
  SINCE JAN 1     51                        21     30       18
..................................................................


WIND (MPH)
  HIGHEST WIND SPEED    15   HIGHEST WIND DIRECTION     W (290)
  HIGHEST GUST SPEED    20   HIGHEST GUST DIRECTION    NW (320)
  AVERAGE WIND SPEED     9.2


SKY COVER
  POSSIBLE SUNSHINE  MM
  AVERAGE SKY COVER 0.4


WEATHER CONDITIONS
 THE FOLLOWING WEATHER WAS RECORDED TODAY.
  NO SIGNIFICANT WEATHER WAS OBSERVED.


RELATIVE HUMIDITY (PERCENT)
 HIGHEST    87           300 AM
 LOWEST     48          1100 AM
 AVERAGE    68

..........................................................


THE MILWAUKEE WI CLIMATE NORMALS FOR TOMORROW
                         NORMAL    RECORD    YEAR
 MAXIMUM TEMPERATURE (F)   69        94      1911
 MINIMUM TEMPERATURE (F)   50        29      1961


SUNRISE AND SUNSET
MAY 26 2018...........SUNRISE   519 AM CDT   SUNSET   819 PM CDT
MAY 27 2018...........SUNRISE   518 AM CDT   SUNSET   820 PM CDT


-  INDICATES NEGATIVE NUMBERS.
R  INDICATES RECORD WAS SET OR TIED.
MM INDICATES DATA IS MISSING.
T  INDICATES TRACE AMOUNT.




$$
