000
CDUS44 KHUN 250818
CLIMSL


CLIMATE REPORT
NATIONAL WEATHER SERVICE HUNTSVILLE AL
318 AM CDT WED APR 25 2018


...................................

...THE MUSCLE SHOALS CLIMATE SUMMARY FOR APRIL 24 2018...

CLIMATE NORMAL PERIOD 1981 TO 2010
CLIMATE RECORD PERIOD 1893 TO 2018


WEATHER ITEM   OBSERVED TIME   RECORD YEAR NORMAL DEPARTURE LAST
                VALUE   (LST)  VALUE       VALUE  FROM      YEAR
                                                  NORMAL
..................................................................
TEMPERATURE (F)
 YESTERDAY
  MAXIMUM         67    445 PM  96    1925  76     -9       71
  MINIMUM         56    627 AM  35    1910  52      4       51
  AVERAGE         62                        64     -2       61

PRECIPITATION (IN)
  YESTERDAY        0.00          1.95 1908   0.15  -0.15      T
  MONTH TO DATE    6.27                      3.47   2.80     2.61
  SINCE MAR 1     10.84                      8.23   2.61     7.61
  SINCE JAN 1     25.18                     17.50   7.68    14.85

SNOWFALL (IN)
  YESTERDAY        0.0
  MONTH TO DATE    0.0
  SINCE MAR 1      T
  SINCE JUL 1      0.6
  SNOW DEPTH       0

DEGREE DAYS
 HEATING
  YESTERDAY        3                         4     -1        4
  MONTH TO DATE  194                       144     50       57
  SINCE MAR 1    581                       522     59      377
  SINCE JUL 1   2929                      3057   -128     2057

 COOLING
  YESTERDAY        0                         2     -2        0
  MONTH TO DATE   15                        36    -21       82
  SINCE MAR 1     24                        48    -24      107
  SINCE JAN 1     52                        49      3      115
..................................................................


WIND (MPH)
  HIGHEST WIND SPEED    17   HIGHEST WIND DIRECTION    NW (300)
  HIGHEST GUST SPEED    20   HIGHEST GUST DIRECTION    NW (300)
  AVERAGE WIND SPEED     8.8


SKY COVER
  POSSIBLE SUNSHINE  MM
  AVERAGE SKY COVER 0.8


WEATHER CONDITIONS
 THE FOLLOWING WEATHER WAS RECORDED YESTERDAY.
  NO SIGNIFICANT WEATHER WAS OBSERVED.


RELATIVE HUMIDITY (PERCENT)
 HIGHEST    93           100 AM
 LOWEST     63           300 PM
 AVERAGE    78

..........................................................


THE MUSCLE SHOALS CLIMATE NORMALS FOR TODAY
                         NORMAL    RECORD    YEAR
 MAXIMUM TEMPERATURE (F)   76        96      1925
 MINIMUM TEMPERATURE (F)   52        33      1910


SUNRISE AND SUNSET
APRIL 25 2018.........SUNRISE   607 AM CDT   SUNSET   731 PM CDT
APRIL 26 2018.........SUNRISE   605 AM CDT   SUNSET   732 PM CDT


-  INDICATES NEGATIVE NUMBERS.
R  INDICATES RECORD WAS SET OR TIED.
MM INDICATES DATA IS MISSING.
T  INDICATES TRACE AMOUNT.




$$
