000
CDUS41 KBTV 260536
CLIMVL


CLIMATE REPORT
NATIONAL WEATHER SERVICE BURLINGTON VT
135 AM EDT THU APR 26 2018


...................................

...THE MORRISVILLE VT CLIMATE SUMMARY FOR APRIL 25 2018...

CLIMATE NORMAL PERIOD 1981 TO 2010
CLIMATE RECORD PERIOD 9999 TO 9999


WEATHER ITEM   OBSERVED TIME   NORMAL DEPARTURE LAST
                VALUE   (LST)  VALUE  FROM      YEAR
                                      NORMAL
......................................................
TEMPERATURE (F)
 YESTERDAY
  MAXIMUM         53    129 PM  59     -6       58
  MINIMUM         41    119 AM  34      7       28
  AVERAGE         47            46      1       43

PRECIPITATION (IN)
  YESTERDAY        0.32          0.07   0.25     0.09
  MONTH TO DATE    2.88          2.02   0.86     3.55
  SINCE MAR 1      5.37          3.69   1.68     4.55
  SINCE JAN 1     10.46          7.97   2.49     7.62

DEGREE DAYS
 HEATING
  YESTERDAY       18            19     -1       22
  MONTH TO DATE  726           606    120      528
  SINCE MAR 1   1900          1733    167     1836
  SINCE JUL 1   7505          7693   -188     7059

 COOLING
  YESTERDAY        0             0      0        0
  MONTH TO DATE    0             0      0        0
  SINCE MAR 1      0             0      0        0
  SINCE JAN 1      0             0      0        0
......................................................


WIND (MPH)
  HIGHEST WIND SPEED     9   HIGHEST WIND DIRECTION     S (160)
  HIGHEST GUST SPEED    12   HIGHEST GUST DIRECTION     S (170)
  AVERAGE WIND SPEED     1.5


SKY COVER
  AVERAGE SKY COVER 0.8


WEATHER CONDITIONS
 THE FOLLOWING WEATHER WAS RECORDED YESTERDAY.
  RAIN
  LIGHT RAIN
  FOG


RELATIVE HUMIDITY (PERCENT)
 HIGHEST   100           500 PM
 LOWEST     70          1200 AM
 AVERAGE    85

..........................................................


THE MORRISVILLE VT CLIMATE NORMALS FOR TODAY
                         NORMAL    RECORD    YEAR
 MAXIMUM TEMPERATURE (F)   60        74      2009
 MINIMUM TEMPERATURE (F)   34        21      1998


SUNRISE AND SUNSET
APRIL 26 2018.........SUNRISE   548 AM EDT   SUNSET   749 PM EDT
APRIL 27 2018.........SUNRISE   547 AM EDT   SUNSET   750 PM EDT


-  INDICATES NEGATIVE NUMBERS.
R  INDICATES RECORD WAS SET OR TIED.
MM INDICATES DATA IS MISSING.
T  INDICATES TRACE AMOUNT.




$$
