508
CDUS46 KMTR 230829
CLINUQ


CLIMATE REPORT
NATIONAL WEATHER SERVICE SAN FRANCISCO BAY AREA
129 AM PDT MON APR 23 2018


...................................

...THE MOFFETT FIELD CLIMATE SUMMARY FOR APRIL 22 2018...

CLIMATE NORMAL PERIOD 1981 TO 2010
CLIMATE RECORD PERIOD 1945 TO 2018


WEATHER ITEM   OBSERVED TIME   RECORD YEAR NORMAL DEPARTURE LAST
                VALUE   (LST)  VALUE       VALUE  FROM      YEAR
                                                  NORMAL
..................................................................
TEMPERATURE (F)
 YESTERDAY
  MAXIMUM         79    300 PM  88    2013  70      9       68
  MINIMUM         52    539 AM  40    1945  50      2       50
  AVERAGE         66                        60      6       59

PRECIPITATION (IN)
  YESTERDAY        0.00          0.35 2016   0.03  -0.03     0.00
  MONTH TO DATE    0.85                      0.76   0.09     1.33
  SINCE OCT 1      8.20                     13.68  -5.48    18.13
  SINCE JAN 1      6.25                      8.84  -2.59    13.56

DEGREE DAYS
 HEATING
  YESTERDAY        0                                         6
  MONTH TO DATE  138                                       136
  SINCE MAR 1    445                                       369
  SINCE JUL 1   1856                                      1897

 COOLING
  YESTERDAY        1                                         0
  MONTH TO DATE    1                                         0
  SINCE MAR 1      3                                         0
  SINCE JAN 1      3                                         0
..................................................................


WIND (MPH)
  RESULTANT WIND SPEED   5   RESULTANT WIND DIRECTION   N (350)
  HIGHEST WIND SPEED    17   HIGHEST WIND DIRECTION     N (340)
  HIGHEST GUST SPEED    20   HIGHEST GUST DIRECTION     N (340)
  AVERAGE WIND SPEED     5.6


SKY COVER
  POSSIBLE SUNSHINE  MM
  AVERAGE SKY COVER 0.0


WEATHER CONDITIONS
 THE FOLLOWING WEATHER WAS RECORDED YESTERDAY.
  NO SIGNIFICANT WEATHER WAS OBSERVED.


RELATIVE HUMIDITY (PERCENT)
 HIGHEST    89           400 AM
 LOWEST     43           200 PM
 AVERAGE    66

..........................................................


THE MOFFETT FIELD CLIMATE NORMALS FOR TODAY
                         NORMAL    RECORD    YEAR
 MAXIMUM TEMPERATURE (F)   70        86      1946
 MINIMUM TEMPERATURE (F)   50        38      1986


SUNRISE AND SUNSET
APRIL 23 2018.........SUNRISE   623 AM PDT   SUNSET   751 PM PDT
APRIL 24 2018.........SUNRISE   621 AM PDT   SUNSET   752 PM PDT


-  INDICATES NEGATIVE NUMBERS.
R  INDICATES RECORD WAS SET OR TIED.
MM INDICATES DATA IS MISSING.
T  INDICATES TRACE AMOUNT.




$$
